Last updated on 2023-03-21 03:54:16 CET.
Flavor | Version | Tinstall | Tcheck | Ttotal | Status | Flags |
---|---|---|---|---|---|---|
r-devel-linux-x86_64-debian-clang | 1.3.0 | WARN | ||||
r-devel-linux-x86_64-debian-gcc | 1.3.1 | 30.79 | 139.75 | 170.54 | OK | |
r-devel-linux-x86_64-fedora-clang | 1.3.1 | 294.91 | OK | |||
r-devel-linux-x86_64-fedora-gcc | 1.3.1 | 283.42 | OK | |||
r-devel-windows-x86_64 | 1.3.1 | 55.00 | 243.00 | 298.00 | OK | |
r-patched-linux-x86_64 | 1.3.1 | 40.81 | 182.66 | 223.47 | OK | |
r-release-linux-x86_64 | 1.3.1 | 37.03 | 179.17 | 216.20 | OK | |
r-release-macos-arm64 | 1.3.1 | 59.00 | OK | |||
r-release-macos-x86_64 | 1.3.1 | 107.00 | OK | |||
r-release-windows-x86_64 | 1.3.1 | 52.00 | 261.00 | 313.00 | OK | |
r-oldrel-macos-arm64 | 1.3.1 | 61.00 | OK | |||
r-oldrel-macos-x86_64 | 1.3.1 | 104.00 | OK | |||
r-oldrel-windows-ix86+x86_64 | 1.3.1 | 65.00 | 228.00 | 293.00 | OK |
Version: 1.3.0
Check: S3 generic/method consistency
Result: WARN
extract:
function(model, ...)
extract.bizicount:
function(model, CI, id)
extract:
function(model, ...)
extract.zicreg:
function(model, CI, id)
See section ‘Generic functions and methods’ in the ‘Writing R
Extensions’ manual.
Flavor: r-devel-linux-x86_64-debian-clang