Last updated on 2024-03-28 12:50:28 CET.
Flavor | Version | Tinstall | Tcheck | Ttotal | Status | Flags |
---|---|---|---|---|---|---|
r-devel-linux-x86_64-debian-clang | 0.20.21 | 53.46 | 73.87 | 127.33 | OK | |
r-devel-linux-x86_64-debian-gcc | 0.20.21 | 38.92 | 54.83 | 93.75 | OK | |
r-devel-linux-x86_64-fedora-clang | 0.20.21 | 174.89 | NOTE | |||
r-devel-linux-x86_64-fedora-gcc | 0.20.21 | 169.61 | OK | |||
r-devel-windows-x86_64 | 0.20.21 | 40.00 | 92.00 | 132.00 | OK | |
r-patched-linux-x86_64 | 0.20.21 | 41.73 | 72.00 | 113.73 | OK | |
r-release-linux-x86_64 | 0.20.21 | 52.56 | 69.80 | 122.36 | OK | |
r-release-macos-arm64 | 0.20.21 | 51.00 | OK | |||
r-release-macos-x86_64 | 0.20.21 | 89.00 | OK | |||
r-release-windows-x86_64 | 0.20.21 | 50.00 | 117.00 | 167.00 | OK | |
r-oldrel-macos-arm64 | 0.20.21 | 51.00 | OK | |||
r-oldrel-windows-x86_64 | 0.20.21 | 45.00 | 104.00 | 149.00 | OK |
Version: 0.20.21
Check: Rd cross-references
Result: NOTE
Undeclared package ‘RColorBrewer’ in Rd xrefs
Flavor: r-devel-linux-x86_64-fedora-clang