Last updated on 2023-03-21 03:54:16 CET.
Flavor | Version | Tinstall | Tcheck | Ttotal | Status | Flags |
---|---|---|---|---|---|---|
r-devel-linux-x86_64-debian-clang | 0.20.21 | OK | ||||
r-devel-linux-x86_64-debian-gcc | 0.20.21 | 39.37 | 72.11 | 111.48 | OK | |
r-devel-linux-x86_64-fedora-clang | 0.20.21 | 208.44 | NOTE | |||
r-devel-linux-x86_64-fedora-gcc | 0.20.21 | 184.28 | OK | |||
r-devel-windows-x86_64 | 0.20.21 | 78.00 | 148.00 | 226.00 | OK | |
r-patched-linux-x86_64 | 0.20.21 | 44.77 | 86.91 | 131.68 | OK | |
r-release-linux-x86_64 | 0.20.21 | 40.59 | 86.49 | 127.08 | OK | |
r-release-macos-arm64 | 0.20.21 | 51.00 | OK | |||
r-release-macos-x86_64 | 0.20.21 | 90.00 | OK | |||
r-release-windows-x86_64 | 0.20.21 | 63.00 | 144.00 | 207.00 | OK | |
r-oldrel-macos-arm64 | 0.20.21 | 56.00 | OK | |||
r-oldrel-macos-x86_64 | 0.20.21 | 94.00 | OK | |||
r-oldrel-windows-ix86+x86_64 | 0.20.21 | 118.00 | 174.00 | 292.00 | OK |
Version: 0.20.21
Check: Rd cross-references
Result: NOTE
Undeclared package ‘RColorBrewer’ in Rd xrefs
Flavor: r-devel-linux-x86_64-fedora-clang