CRAN Package Check Results for Package bistablehistory

Last updated on 2022-05-26 12:53:34 CEST.

Flavor Version Tinstall Tcheck Ttotal Status Flags
r-devel-linux-x86_64-debian-clang 1.1.1 181.01 143.84 324.85 NOTE
r-devel-linux-x86_64-debian-gcc 1.1.1 156.64 129.84 286.48 NOTE
r-devel-linux-x86_64-fedora-clang 1.1.1 411.99 NOTE
r-devel-linux-x86_64-fedora-gcc 1.1.1 443.22 NOTE
r-devel-windows-x86_64 1.1.1 195.00 209.00 404.00 NOTE
r-patched-linux-x86_64 1.1.1 138.44 146.62 285.06 NOTE
r-release-linux-x86_64 1.1.1 NOTE
r-release-macos-arm64 1.1.1 133.00 NOTE
r-release-macos-x86_64 1.1.1 207.00 NOTE
r-release-windows-x86_64 1.1.1 211.00 211.00 422.00 NOTE
r-oldrel-macos-arm64 1.1.1 94.00 NOTE
r-oldrel-macos-x86_64 1.1.1 143.00 NOTE
r-oldrel-windows-ix86+x86_64 1.1.1 80.00 11.00 91.00 ERROR

Check Details

Version: 1.1.1
Check: for GNU extensions in Makefiles
Result: NOTE
    GNU make is a SystemRequirements.
Flavors: r-devel-linux-x86_64-debian-clang, r-devel-linux-x86_64-debian-gcc, r-devel-linux-x86_64-fedora-clang, r-devel-linux-x86_64-fedora-gcc, r-devel-windows-x86_64, r-patched-linux-x86_64, r-release-linux-x86_64, r-release-macos-arm64, r-release-macos-x86_64, r-release-windows-x86_64, r-oldrel-macos-arm64, r-oldrel-macos-x86_64

Version: 1.1.1
Check: installed package size
Result: NOTE
     installed size is 25.8Mb
     sub-directories of 1Mb or more:
     libs 24.8Mb
Flavors: r-devel-linux-x86_64-fedora-clang, r-release-macos-arm64, r-release-macos-x86_64, r-oldrel-macos-arm64, r-oldrel-macos-x86_64

Version: 1.1.1
Check: dependencies in R code
Result: NOTE
    Namespaces in Imports field not imported from:
     ‘RcppParallel’ ‘magrittr’
     All declared Imports should be used.
Flavors: r-devel-linux-x86_64-fedora-clang, r-devel-linux-x86_64-fedora-gcc, r-release-macos-arm64, r-release-macos-x86_64, r-oldrel-macos-arm64, r-oldrel-macos-x86_64

Version: 1.1.1
Check: whether package can be installed
Result: ERROR
    Installation failed.
Flavor: r-oldrel-windows-ix86+x86_64