CRAN Package Check Results for Package bisque

Last updated on 2020-09-24 12:50:36 CEST.

Flavor Version Tinstall Tcheck Ttotal Status Flags
r-devel-linux-x86_64-debian-clang 1.0.2 136.58 39.96 176.54 OK
r-devel-linux-x86_64-debian-gcc 1.0.2 107.49 30.54 138.03 OK
r-devel-linux-x86_64-fedora-clang 1.0.2 257.01 NOTE
r-devel-linux-x86_64-fedora-gcc 1.0.2 236.58 OK
r-devel-windows-ix86+x86_64 1.0.2 337.00 95.00 432.00 OK
r-patched-linux-x86_64 1.0.2 117.47 39.83 157.30 OK
r-patched-solaris-x86 1.0.2 188.20 OK
r-release-linux-x86_64 1.0.2 114.51 38.63 153.14 OK
r-release-macos-x86_64 1.0.2 NOTE
r-release-windows-ix86+x86_64 1.0.2 281.00 96.00 377.00 OK
r-oldrel-macos-x86_64 1.0.2 NOTE
r-oldrel-windows-ix86+x86_64 1.0.2 209.00 92.00 301.00 OK

Check Details

Version: 1.0.2
Check: installed package size
Result: NOTE
     installed size is 6.2Mb
     sub-directories of 1Mb or more:
     libs 6.0Mb
Flavors: r-devel-linux-x86_64-fedora-clang, r-release-macos-x86_64, r-oldrel-macos-x86_64