CRAN Package Check Results for Package biscale

Last updated on 2023-12-05 04:08:06 CET.

Flavor Version Tinstall Tcheck Ttotal Status Flags
r-devel-linux-x86_64-debian-clang 1.0.0 3.86 45.28 49.14 OK
r-devel-linux-x86_64-debian-gcc 1.0.0 2.60 35.39 37.99 OK
r-devel-linux-x86_64-fedora-clang 1.0.0 60.76 NOTE
r-devel-linux-x86_64-fedora-gcc 1.0.0 68.96 NOTE
r-devel-windows-x86_64 1.0.0 5.00 59.00 64.00 OK
r-patched-linux-x86_64 1.0.0 6.59 43.47 50.06 OK
r-release-linux-x86_64 1.0.0 2.77 44.55 47.32 OK
r-release-macos-arm64 1.0.0 36.00 OK
r-release-macos-x86_64 1.0.0 49.00 OK
r-release-windows-x86_64 1.0.0 5.00 64.00 69.00 OK
r-oldrel-macos-arm64 1.0.0 26.00 NOTE
r-oldrel-macos-x86_64 1.0.0 33.00 NOTE
r-oldrel-windows-x86_64 1.0.0 5.00 65.00 70.00 OK

Check Details

Version: 1.0.0
Check: dependencies in R code
Result: NOTE Namespaces in Imports field not imported from: ‘stats’ ‘utils’ All declared Imports should be used. Flavors: r-devel-linux-x86_64-fedora-clang, r-devel-linux-x86_64-fedora-gcc, r-oldrel-macos-arm64, r-oldrel-macos-x86_64