CRAN Package Check Results for Package birtr

Last updated on 2025-05-05 12:49:17 CEST.

Flavor Version Tinstall Tcheck Ttotal Status Flags
r-devel-linux-x86_64-debian-clang 1.0.0 1.86 21.49 23.35 OK
r-devel-linux-x86_64-debian-gcc 1.0.0 1.45 17.30 18.75 OK
r-devel-linux-x86_64-fedora-clang 1.0.0 38.37 OK
r-devel-linux-x86_64-fedora-gcc 1.0.0 35.04 OK
r-devel-windows-x86_64 1.0.0 4.00 44.00 48.00 OK
r-patched-linux-x86_64 1.0.0 2.15 20.76 22.91 OK
r-release-linux-x86_64 1.0.0 1.90 20.50 22.40 OK
r-release-macos-arm64 1.0.0 16.00 OK
r-release-macos-x86_64 1.0.0 37.00 OK
r-release-windows-x86_64 1.0.0 3.00 44.00 47.00 OK
r-oldrel-macos-arm64 1.0.0 19.00 NOTE
r-oldrel-macos-x86_64 1.0.0 23.00 NOTE
r-oldrel-windows-x86_64 1.0.0 3.00 47.00 50.00 NOTE

Check Details

Version: 1.0.0
Check: LazyData
Result: NOTE 'LazyData' is specified without a 'data' directory Flavors: r-oldrel-macos-arm64, r-oldrel-macos-x86_64, r-oldrel-windows-x86_64