Last updated on 2024-04-25 15:47:53 CEST.
Flavor | Version | Tinstall | Tcheck | Ttotal | Status | Flags |
---|---|---|---|---|---|---|
r-devel-linux-x86_64-debian-clang | 0.1.9 | 9.68 | 74.55 | 84.23 | NOTE | |
r-devel-linux-x86_64-debian-gcc | 0.1.9 | 7.27 | 56.73 | 64.00 | NOTE | |
r-devel-linux-x86_64-fedora-clang | 0.1.9 | 105.65 | NOTE | |||
r-devel-linux-x86_64-fedora-gcc | 0.1.9 | 102.31 | NOTE | |||
r-devel-windows-x86_64 | 0.1.9 | 9.00 | 75.00 | 84.00 | NOTE | |
r-patched-linux-x86_64 | 0.1.9 | 12.89 | 70.76 | 83.65 | NOTE | |
r-release-linux-x86_64 | 0.1.9 | 9.74 | 74.59 | 84.33 | NOTE | |
r-release-macos-arm64 | 0.1.9 | 37.00 | NOTE | |||
r-release-windows-x86_64 | 0.1.9 | 10.00 | 75.00 | 85.00 | NOTE | |
r-oldrel-macos-arm64 | 0.1.9 | 40.00 | NOTE | |||
r-oldrel-macos-x86_64 | 0.1.9 | 88.00 | NOTE | |||
r-oldrel-windows-x86_64 | 0.1.9 | 12.00 | 90.00 | 102.00 | NOTE |
Version: 0.1.9
Check: package dependencies
Result: NOTE
Package suggested but not available for checking: ‘bshazard’
Flavors: r-devel-linux-x86_64-debian-clang, r-devel-linux-x86_64-debian-gcc, r-devel-linux-x86_64-fedora-clang, r-devel-linux-x86_64-fedora-gcc, r-patched-linux-x86_64, r-release-linux-x86_64
Version: 0.1.9
Check: installed package size
Result: NOTE
installed size is 6.1Mb
sub-directories of 1Mb or more:
doc 5.5Mb
Flavors: r-devel-linux-x86_64-fedora-clang, r-devel-windows-x86_64, r-release-macos-arm64, r-release-windows-x86_64, r-oldrel-macos-arm64, r-oldrel-macos-x86_64, r-oldrel-windows-x86_64