CRAN Package Check Results for Package bioacoustics

Last updated on 2023-03-21 03:54:16 CET.

Flavor Version Tinstall Tcheck Ttotal Status Flags
r-devel-linux-x86_64-debian-clang 0.2.8 NOTE
r-devel-linux-x86_64-debian-gcc 0.2.8 90.46 49.66 140.12 NOTE
r-devel-linux-x86_64-fedora-clang 0.2.8 286.13 NOTE
r-devel-linux-x86_64-fedora-gcc 0.2.8 245.24 NOTE
r-devel-windows-x86_64 0.2.8 118.00 123.00 241.00 NOTE
r-patched-linux-x86_64 0.2.8 103.94 64.57 168.51 OK
r-release-linux-x86_64 0.2.8 96.46 66.14 162.60 OK
r-release-macos-arm64 0.2.8 67.00 NOTE
r-release-macos-x86_64 0.2.8 84.00 NOTE
r-release-windows-x86_64 0.2.8 104.00 125.00 229.00 OK
r-oldrel-macos-arm64 0.2.8 58.00 NOTE
r-oldrel-macos-x86_64 0.2.8 83.00 NOTE
r-oldrel-windows-ix86+x86_64 0.2.8 276.00 138.00 414.00 NOTE

Check Details

Version: 0.2.8
Check: C++ specification
Result: NOTE
     Specified C++11: please drop specification unless essential
Flavors: r-devel-linux-x86_64-debian-clang, r-devel-linux-x86_64-debian-gcc, r-devel-linux-x86_64-fedora-clang, r-devel-linux-x86_64-fedora-gcc, r-devel-windows-x86_64

Version: 0.2.8
Check: installed package size
Result: NOTE
     installed size is 6.0Mb
     sub-directories of 1Mb or more:
     libs 4.5Mb
Flavors: r-release-macos-arm64, r-release-macos-x86_64, r-oldrel-macos-arm64, r-oldrel-macos-x86_64, r-oldrel-windows-ix86+x86_64