CRAN Package Check Results for Package bioRad

Last updated on 2022-01-26 06:50:08 CET.

Flavor Version Tinstall Tcheck Ttotal Status Flags
r-devel-linux-x86_64-debian-clang 0.5.2 36.68 469.51 506.19 OK
r-devel-linux-x86_64-debian-gcc 0.5.2 33.33 347.95 381.28 OK
r-devel-linux-x86_64-fedora-clang 0.5.2 573.89 NOTE
r-devel-linux-x86_64-fedora-gcc 0.5.2 605.34 OK
r-devel-windows-x86_64-new-UL 0.5.2 132.00 537.00 669.00 NOTE
r-devel-windows-x86_64-new-TK 0.5.2 OK
r-patched-linux-x86_64 0.5.2 40.21 387.84 428.05 OK
r-release-linux-x86_64 0.5.2 33.90 386.56 420.46 OK
r-release-macos-arm64 0.5.2 NOTE
r-release-macos-x86_64 0.5.2 NOTE
r-release-windows-ix86+x86_64 0.5.2 88.00 523.00 611.00 NOTE
r-oldrel-macos-x86_64 0.5.2 NOTE
r-oldrel-windows-ix86+x86_64 0.5.2 92.00 542.00 634.00 NOTE

Check Details

Version: 0.5.2
Check: installed package size
Result: NOTE
     installed size is 5.7Mb
     sub-directories of 1Mb or more:
     data 1.6Mb
     doc 1.2Mb
     extdata 1.7Mb
Flavors: r-devel-linux-x86_64-fedora-clang, r-devel-windows-x86_64-new-UL, r-release-macos-arm64, r-release-macos-x86_64, r-release-windows-ix86+x86_64, r-oldrel-macos-x86_64, r-oldrel-windows-ix86+x86_64