Last updated on 2024-04-23 12:49:21 CEST.
Flavor | Version | Tinstall | Tcheck | Ttotal | Status | Flags |
---|---|---|---|---|---|---|
r-devel-linux-x86_64-debian-clang | 0.1.26 | 105.23 | 134.54 | 239.77 | OK | |
r-devel-linux-x86_64-debian-gcc | 0.1.26 | 85.61 | 100.47 | 186.08 | OK | |
r-devel-linux-x86_64-fedora-clang | 0.1.26 | 315.15 | OK | |||
r-devel-linux-x86_64-fedora-gcc | 0.1.26 | 316.26 | OK | |||
r-prerel-macos-arm64 | 0.1.26 | 82.00 | NOTE | |||
r-prerel-windows-x86_64 | 0.1.26 | 78.00 | 145.00 | 223.00 | OK | |
r-patched-linux-x86_64 | 0.1.26 | 66.41 | 127.65 | 194.06 | OK | |
r-release-linux-x86_64 | 0.1.26 | 86.95 | 129.45 | 216.40 | OK | |
r-release-macos-arm64 | 0.1.26 | 88.00 | NOTE | |||
r-release-macos-x86_64 | 0.1.26 | 142.00 | NOTE | |||
r-release-windows-x86_64 | 0.1.26 | 100.00 | 169.00 | 269.00 | OK | |
r-oldrel-macos-arm64 | 0.1.26 | 83.00 | NOTE | |||
r-oldrel-windows-x86_64 | 0.1.26 | 93.00 | 174.00 | 267.00 | OK |
Version: 0.1.26
Check: installed package size
Result: NOTE
installed size is 5.5Mb
sub-directories of 1Mb or more:
data 1.1Mb
libs 4.2Mb
Flavors: r-prerel-macos-arm64, r-release-macos-arm64, r-release-macos-x86_64, r-oldrel-macos-arm64