Last updated on 2024-03-29 06:56:21 CET.
Flavor | Version | Tinstall | Tcheck | Ttotal | Status | Flags |
---|---|---|---|---|---|---|
r-devel-linux-x86_64-debian-clang | 0.2 | 52.16 | 39.34 | 91.50 | NOTE | |
r-devel-linux-x86_64-debian-gcc | 0.2 | 42.86 | 29.58 | 72.44 | NOTE | |
r-devel-linux-x86_64-fedora-clang | 0.2 | 129.66 | NOTE | |||
r-devel-linux-x86_64-fedora-gcc | 0.2 | 127.05 | NOTE | |||
r-devel-windows-x86_64 | 0.2 | 42.00 | 72.00 | 114.00 | NOTE | |
r-patched-linux-x86_64 | 0.2 | 34.56 | 37.28 | 71.84 | NOTE | |
r-release-linux-x86_64 | 0.2 | 36.00 | 37.79 | 73.79 | NOTE | |
r-release-macos-arm64 | 0.2 | 37.00 | NOTE | |||
r-release-macos-x86_64 | 0.2 | 61.00 | NOTE | |||
r-release-windows-x86_64 | 0.2 | 53.00 | 81.00 | 134.00 | NOTE | |
r-oldrel-macos-arm64 | 0.2 | 34.00 | NOTE | |||
r-oldrel-windows-x86_64 | 0.2 | 51.00 | 80.00 | 131.00 | NOTE |
Version: 0.2
Check: LazyData
Result: NOTE
'LazyData' is specified without a 'data' directory
Flavors: r-devel-linux-x86_64-debian-clang, r-devel-linux-x86_64-debian-gcc, r-devel-linux-x86_64-fedora-clang, r-devel-linux-x86_64-fedora-gcc, r-devel-windows-x86_64, r-patched-linux-x86_64, r-release-linux-x86_64, r-release-macos-arm64, r-release-macos-x86_64, r-release-windows-x86_64, r-oldrel-macos-arm64, r-oldrel-windows-x86_64