CRAN Package Check Results for Package binaryGP

Last updated on 2024-02-29 20:52:42 CET.

Flavor Version Tinstall Tcheck Ttotal Status Flags
r-devel-linux-x86_64-debian-clang 0.2 53.19 38.83 92.02 NOTE
r-devel-linux-x86_64-debian-gcc 0.2 40.11 29.38 69.49 NOTE
r-devel-linux-x86_64-fedora-clang 0.2 128.04 NOTE
r-devel-linux-x86_64-fedora-gcc 0.2 125.17 NOTE
r-devel-windows-x86_64 0.2 40.00 71.00 111.00 NOTE
r-patched-linux-x86_64 0.2 36.53 37.15 73.68 NOTE
r-release-linux-x86_64 0.2 37.18 37.78 74.96 NOTE
r-release-macos-arm64 0.2 37.00 NOTE
r-release-macos-x86_64 0.2 61.00 NOTE
r-release-windows-x86_64 0.2 52.00 78.00 130.00 NOTE
r-oldrel-macos-arm64 0.2 34.00 NOTE
r-oldrel-windows-x86_64 0.2 50.00 81.00 131.00 NOTE

Check Details

Version: 0.2
Check: LazyData
Result: NOTE 'LazyData' is specified without a 'data' directory Flavors: r-devel-linux-x86_64-debian-clang, r-devel-linux-x86_64-debian-gcc, r-devel-linux-x86_64-fedora-clang, r-devel-linux-x86_64-fedora-gcc, r-devel-windows-x86_64, r-patched-linux-x86_64, r-release-linux-x86_64, r-release-macos-arm64, r-release-macos-x86_64, r-release-windows-x86_64, r-oldrel-macos-arm64, r-oldrel-windows-x86_64