Last updated on 2023-03-27 12:54:16 CEST.
Flavor | Version | Tinstall | Tcheck | Ttotal | Status | Flags |
---|---|---|---|---|---|---|
r-devel-linux-x86_64-debian-clang | 0.2 | 47.95 | 38.30 | 86.25 | NOTE | |
r-devel-linux-x86_64-debian-gcc | 0.2 | 34.85 | 29.53 | 64.38 | NOTE | |
r-devel-linux-x86_64-fedora-clang | 0.2 | 126.78 | NOTE | |||
r-devel-linux-x86_64-fedora-gcc | 0.2 | 111.97 | NOTE | |||
r-devel-windows-x86_64 | 0.2 | 50.00 | 89.00 | 139.00 | NOTE | |
r-patched-linux-x86_64 | 0.2 | 43.08 | 36.42 | 79.50 | NOTE | |
r-release-linux-x86_64 | 0.2 | 30.75 | 36.99 | 67.74 | NOTE | |
r-release-macos-arm64 | 0.2 | 34.00 | NOTE | |||
r-release-macos-x86_64 | 0.2 | 52.00 | NOTE | |||
r-release-windows-x86_64 | 0.2 | 49.00 | 87.00 | 136.00 | NOTE | |
r-oldrel-macos-arm64 | 0.2 | 37.00 | NOTE | |||
r-oldrel-macos-x86_64 | 0.2 | 61.00 | NOTE | |||
r-oldrel-windows-ix86+x86_64 | 0.2 | 124.00 | 92.00 | 216.00 | NOTE |
Version: 0.2
Check: LazyData
Result: NOTE
'LazyData' is specified without a 'data' directory
Flavors: r-devel-linux-x86_64-debian-clang, r-devel-linux-x86_64-debian-gcc, r-devel-linux-x86_64-fedora-clang, r-devel-linux-x86_64-fedora-gcc, r-devel-windows-x86_64, r-patched-linux-x86_64, r-release-linux-x86_64, r-release-macos-arm64, r-release-macos-x86_64, r-release-windows-x86_64, r-oldrel-macos-arm64, r-oldrel-macos-x86_64, r-oldrel-windows-ix86+x86_64