Last updated on 2025-05-01 21:52:57 CEST.
Flavor | Version | Tinstall | Tcheck | Ttotal | Status | Flags |
---|---|---|---|---|---|---|
r-devel-linux-x86_64-debian-clang | 4.0.3 | 4.62 | 259.46 | 264.08 | NOTE | |
r-devel-linux-x86_64-debian-gcc | 4.0.3 | 3.15 | 157.52 | 160.67 | OK | |
r-devel-linux-x86_64-fedora-clang | 4.0.3 | 407.55 | OK | |||
r-devel-linux-x86_64-fedora-gcc | 4.0.3 | 394.65 | OK | |||
r-devel-windows-x86_64 | 4.0.3 | 6.00 | 285.00 | 291.00 | OK | |
r-patched-linux-x86_64 | 4.0.3 | 8.45 | 238.09 | 246.54 | OK | |
r-release-linux-x86_64 | OK | |||||
r-release-macos-arm64 | 4.0.3 | 126.00 | OK | |||
r-release-macos-x86_64 | 4.0.3 | 250.00 | OK | |||
r-release-windows-x86_64 | 4.0.3 | 7.00 | 282.00 | 289.00 | OK | |
r-oldrel-macos-arm64 | 4.0.3 | 105.00 | OK | |||
r-oldrel-macos-x86_64 | 4.0.3 | 240.00 | OK | |||
r-oldrel-windows-x86_64 | 4.0.3 | 8.00 | 354.00 | 362.00 | OK |
Version: 4.0.3
Check: examples
Result: NOTE
Examples with CPU (user + system) or elapsed time > 5s
user system elapsed
MDL 6.645 0.004 8.323
ESTIMATE 5.589 0.019 6.357
Flavor: r-devel-linux-x86_64-debian-clang