CRAN Package Check Results for Package bigtime

Last updated on 2025-01-19 12:48:22 CET.

Flavor Version Tinstall Tcheck Ttotal Status Flags
r-devel-linux-x86_64-debian-clang 0.2.3 50.98 47.85 98.83 OK
r-devel-linux-x86_64-debian-gcc 0.2.3 35.31 35.36 70.67 OK
r-devel-linux-x86_64-fedora-clang 0.2.3 176.87 OK
r-devel-linux-x86_64-fedora-gcc 0.2.3 185.52 OK
r-devel-windows-x86_64 0.2.3 56.00 90.00 146.00 OK
r-patched-linux-x86_64 0.2.3 53.77 47.69 101.46 OK
r-release-linux-x86_64 0.2.3 51.63 47.12 98.75 OK
r-release-macos-arm64 0.2.3 44.00 NOTE
r-release-macos-x86_64 0.2.3 54.00 NOTE
r-release-windows-x86_64 0.2.3 53.00 91.00 144.00 OK
r-oldrel-macos-arm64 0.2.3 53.00 NOTE
r-oldrel-macos-x86_64 0.2.3 82.00 NOTE
r-oldrel-windows-x86_64 0.2.3 60.00 104.00 164.00 OK

Check Details

Version: 0.2.3
Check: installed package size
Result: NOTE installed size is 5.6Mb sub-directories of 1Mb or more: libs 4.6Mb Flavors: r-release-macos-arm64, r-release-macos-x86_64, r-oldrel-macos-arm64, r-oldrel-macos-x86_64