CRAN Package Check Results for Package bigtime

Last updated on 2023-12-02 12:48:11 CET.

Flavor Version Tinstall Tcheck Ttotal Status Flags
r-devel-linux-x86_64-debian-clang 0.2.3 78.88 60.78 139.66 OK
r-devel-linux-x86_64-debian-gcc 0.2.3 55.71 48.40 104.11 OK
r-devel-linux-x86_64-fedora-clang 0.2.3 205.35 OK
r-devel-linux-x86_64-fedora-gcc 0.2.3 199.30 OK
r-devel-windows-x86_64 0.2.3 59.00 92.00 151.00 OK
r-patched-linux-x86_64 0.2.3 53.36 62.24 115.60 OK
r-release-linux-x86_64 0.2.3 66.72 61.80 128.52 OK
r-release-macos-arm64 0.2.3 53.00 NOTE
r-release-macos-x86_64 0.2.3 82.00 NOTE
r-release-windows-x86_64 0.2.3 81.00 103.00 184.00 OK
r-oldrel-macos-arm64 0.2.3 54.00 NOTE
r-oldrel-macos-x86_64 0.2.3 69.00 NOTE
r-oldrel-windows-x86_64 0.2.3 76.00 102.00 178.00 OK

Check Details

Version: 0.2.3
Check: installed package size
Result: NOTE installed size is 5.7Mb sub-directories of 1Mb or more: libs 4.6Mb Flavors: r-release-macos-arm64, r-release-macos-x86_64, r-oldrel-macos-arm64, r-oldrel-macos-x86_64