Last updated on 2022-05-16 12:54:55 CEST.
Flavor | Version | Tinstall | Tcheck | Ttotal | Status | Flags |
---|---|---|---|---|---|---|
r-devel-linux-x86_64-debian-clang | 1.9.11 | 255.90 | 297.48 | 553.38 | OK | |
r-devel-linux-x86_64-debian-gcc | 1.9.11 | 206.66 | 240.71 | 447.37 | OK | |
r-devel-linux-x86_64-fedora-clang | 1.9.11 | 751.34 | NOTE | |||
r-devel-linux-x86_64-fedora-gcc | 1.9.11 | 684.39 | OK | |||
r-devel-windows-x86_64 | 1.9.11 | 265.00 | 340.00 | 605.00 | OK | |
r-patched-linux-x86_64 | 1.9.11 | 189.91 | 285.45 | 475.36 | OK | |
r-release-linux-x86_64 | 1.9.11 | 222.41 | 280.59 | 503.00 | OK | |
r-release-macos-arm64 | 1.9.11 | 169.00 | NOTE | |||
r-release-macos-x86_64 | 1.9.11 | 293.00 | NOTE | |||
r-release-windows-x86_64 | 1.9.11 | 273.00 | 327.00 | 600.00 | OK | |
r-oldrel-macos-arm64 | 1.9.11 | 155.00 | NOTE | |||
r-oldrel-macos-x86_64 | 1.9.11 | 229.00 | NOTE | |||
r-oldrel-windows-ix86+x86_64 | 1.9.11 | 541.00 | 12.00 | 553.00 | ERROR |
Version: 1.9.11
Check: installed package size
Result: NOTE
installed size is 7.4Mb
sub-directories of 1Mb or more:
libs 6.0Mb
Flavors: r-devel-linux-x86_64-fedora-clang, r-release-macos-arm64, r-release-macos-x86_64, r-oldrel-macos-arm64, r-oldrel-macos-x86_64
Version: 1.9.11
Check: whether package can be installed
Result: ERROR
Installation failed.
Flavor: r-oldrel-windows-ix86+x86_64