Last updated on 2023-12-03 06:48:49 CET.
Flavor | Version | Tinstall | Tcheck | Ttotal | Status | Flags |
---|---|---|---|---|---|---|
r-devel-linux-x86_64-debian-clang | 1.4.2 | 34.01 | 94.90 | 128.91 | WARN | |
r-devel-linux-x86_64-debian-gcc | 1.4.2 | 25.07 | 68.71 | 93.78 | OK | |
r-devel-linux-x86_64-fedora-clang | 1.4.2 | 182.36 | WARN | |||
r-devel-linux-x86_64-fedora-gcc | 1.4.2 | 161.77 | OK | |||
r-devel-windows-x86_64 | 1.4.2 | 31.00 | 116.00 | 147.00 | OK | |
r-patched-linux-x86_64 | 1.4.2 | 36.64 | 87.93 | 124.57 | OK | |
r-release-linux-x86_64 | 1.4.2 | 28.95 | 88.38 | 117.33 | OK | |
r-release-macos-arm64 | 1.4.2 | 49.00 | OK | |||
r-release-macos-x86_64 | 1.4.2 | 84.00 | OK | |||
r-release-windows-x86_64 | 1.4.2 | 38.00 | 136.00 | 174.00 | OK | |
r-oldrel-macos-arm64 | 1.4.2 | 44.00 | OK | |||
r-oldrel-macos-x86_64 | 1.4.2 | 60.00 | OK | |||
r-oldrel-windows-x86_64 | 1.4.2 | 37.00 | 119.00 | 156.00 | OK |
Version: 1.4.2
Check: whether package can be installed
Result: WARN
Found the following significant warnings:
/home/hornik/tmp/R.check/r-devel-clang/Work/build/Packages/progress/include/RProgress.h:229:11: warning: format string is not a string literal (potentially insecure) [-Wformat-security]
/home/hornik/tmp/R.check/r-devel-clang/Work/build/Packages/progress/include/RProgress.h:231:10: warning: format string is not a string literal (potentially insecure) [-Wformat-security]
/home/hornik/tmp/R.check/r-devel-clang/Work/build/Packages/progress/include/RProgress.h:272:16: warning: format string is not a string literal (potentially insecure) [-Wformat-security]
/home/hornik/tmp/R.check/r-devel-clang/Work/build/Packages/progress/include/RProgress.h:274:15: warning: format string is not a string literal (potentially insecure) [-Wformat-security]
See ‘/home/hornik/tmp/R.check/r-devel-clang/Work/PKGS/bigrquery.Rcheck/00install.out’ for details.
* used C compiler: ‘Debian clang version 17.0.5 (1)’
* used C++ compiler: ‘Debian clang version 17.0.5 (1)’
Flavor: r-devel-linux-x86_64-debian-clang
Version: 1.4.2
Check: whether package can be installed
Result: WARN
Found the following significant warnings:
/data/gannet/ripley/R/test-clang/progress/include/RProgress.h:229:11: warning: format string is not a string literal (potentially insecure) [-Wformat-security]
/data/gannet/ripley/R/test-clang/progress/include/RProgress.h:231:10: warning: format string is not a string literal (potentially insecure) [-Wformat-security]
/data/gannet/ripley/R/test-clang/progress/include/RProgress.h:272:16: warning: format string is not a string literal (potentially insecure) [-Wformat-security]
/data/gannet/ripley/R/test-clang/progress/include/RProgress.h:274:15: warning: format string is not a string literal (potentially insecure) [-Wformat-security]
See ‘/data/gannet/ripley/R/packages/tests-clang/bigrquery.Rcheck/00install.out’ for details.
* used C compiler: ‘clang version 17.0.5’
* used C++ compiler: ‘clang version 17.0.5’
Flavor: r-devel-linux-x86_64-fedora-clang