CRAN Package Check Results for Package bigmemory

Last updated on 2020-09-20 06:48:14 CEST.

Flavor Version Tinstall Tcheck Ttotal Status Flags
r-devel-linux-x86_64-debian-clang 4.5.36 92.01 41.69 133.70 OK
r-devel-linux-x86_64-debian-gcc 4.5.36 70.82 32.68 103.50 OK
r-devel-linux-x86_64-fedora-clang 4.5.36 184.67 NOTE
r-devel-linux-x86_64-fedora-gcc 4.5.36 172.78 NOTE
r-devel-windows-ix86+x86_64 4.5.36 215.00 85.00 300.00 WARN
r-patched-linux-x86_64 4.5.36 71.86 41.40 113.26 OK
r-patched-solaris-x86 4.5.36 159.10 OK
r-release-linux-x86_64 4.5.36 74.75 41.16 115.91 OK
r-release-macos-x86_64 4.5.36 NOTE
r-release-windows-ix86+x86_64 4.5.36 220.00 82.00 302.00 WARN
r-oldrel-macos-x86_64 4.5.36 NOTE
r-oldrel-windows-ix86+x86_64 4.5.36 148.00 97.00 245.00 OK

Additional issues

clang-UBSAN

Check Details

Version: 4.5.36
Check: installed package size
Result: NOTE
     installed size is 8.8Mb
     sub-directories of 1Mb or more:
     libs 8.3Mb
Flavors: r-devel-linux-x86_64-fedora-clang, r-release-macos-x86_64, r-oldrel-macos-x86_64

Version: 4.5.36
Check: top-level files
Result: NOTE
     possible bashism in configure line 14 (echo -n):
     echo -n " checking for Sun Studio compiler..."
     possible bashism in configure line 24 (echo -n):
     echo -n " checking for OS..."
Flavors: r-devel-linux-x86_64-fedora-clang, r-devel-linux-x86_64-fedora-gcc

Version: 4.5.36
Check: whether package can be installed
Result: WARN
    Found the following significant warnings:
     d:/RCompile/CRANpkg/lib/4.1/BH/include/boost/interprocess/detail/win32_api.hpp:151:9: warning: ISO C++ prohibits anonymous structs [-Wpedantic]
     d:/RCompile/CRANpkg/lib/4.1/BH/include/boost/interprocess/detail/win32_api.hpp:159:9: warning: ISO C++ prohibits anonymous structs [-Wpedantic]
     d:/RCompile/CRANpkg/lib/4.1/BH/include/boost/interprocess/detail/win32_api.hpp:184:13: warning: ISO C++ prohibits anonymous structs [-Wpedantic]
     d:/RCompile/CRANpkg/lib/4.1/BH/include/boost/interprocess/detail/win32_api.hpp:186:7: warning: ISO C++ prohibits anonymous structs [-Wpedantic]
Flavor: r-devel-windows-ix86+x86_64

Version: 4.5.36
Check: whether package can be installed
Result: WARN
    Found the following significant warnings:
     d:/RCompile/CRANpkg/lib/4.0/BH/include/boost/interprocess/detail/win32_api.hpp:151:9: warning: ISO C++ prohibits anonymous structs [-Wpedantic]
     d:/RCompile/CRANpkg/lib/4.0/BH/include/boost/interprocess/detail/win32_api.hpp:159:9: warning: ISO C++ prohibits anonymous structs [-Wpedantic]
     d:/RCompile/CRANpkg/lib/4.0/BH/include/boost/interprocess/detail/win32_api.hpp:184:13: warning: ISO C++ prohibits anonymous structs [-Wpedantic]
     d:/RCompile/CRANpkg/lib/4.0/BH/include/boost/interprocess/detail/win32_api.hpp:186:7: warning: ISO C++ prohibits anonymous structs [-Wpedantic]
Flavor: r-release-windows-ix86+x86_64