Last updated on 2023-04-02 03:51:03 CEST.
Flavor | Version | Tinstall | Tcheck | Ttotal | Status | Flags |
---|---|---|---|---|---|---|
r-devel-linux-x86_64-debian-clang | 0.9-2.1 | 4.68 | 32.34 | 37.02 | NOTE | |
r-devel-linux-x86_64-debian-gcc | 0.9-2.1 | 2.49 | 24.99 | 27.48 | NOTE | |
r-devel-linux-x86_64-fedora-clang | 0.9-2.1 | 45.51 | NOTE | |||
r-devel-linux-x86_64-fedora-gcc | 0.9-2.1 | 43.43 | NOTE | |||
r-devel-windows-x86_64 | 0.9-2.1 | 10.00 | 61.00 | 71.00 | OK | |
r-patched-linux-x86_64 | 0.9-2.1 | 4.30 | 31.19 | 35.49 | NOTE | |
r-release-linux-x86_64 | 0.9-2.1 | 3.95 | 32.28 | 36.23 | NOTE | |
r-release-macos-arm64 | 0.9-2.1 | 6.00 | ERROR | |||
r-release-macos-x86_64 | 0.9-2.1 | 26.00 | OK | |||
r-release-windows-x86_64 | 0.9-2.1 | 20.00 | 67.00 | 87.00 | OK | |
r-oldrel-macos-arm64 | 0.9-2.1 | 24.00 | NOTE | |||
r-oldrel-macos-x86_64 | 0.9-2.1 | 35.00 | OK | |||
r-oldrel-windows-ix86+x86_64 | 0.9-2.1 | 11.00 | 69.00 | 80.00 | OK |
Version: 0.9-2.1
Check: R code for possible problems
Result: NOTE
Found the following calls to data() loading into the global environment:
File ‘biglm/R/bigglm.R’:
data(reset = TRUE)
data(reset = FALSE)
See section ‘Good practice’ in ‘?data’.
Flavors: r-devel-linux-x86_64-debian-clang, r-devel-linux-x86_64-debian-gcc, r-devel-linux-x86_64-fedora-clang, r-patched-linux-x86_64, r-release-linux-x86_64
Version: 0.9-2.1
Check: compiled code
Result: NOTE
File ‘biglm/libs/biglm.so’:
Found no calls to: ‘R_registerRoutines’, ‘R_useDynamicSymbols’
It is good practice to register native routines and to disable symbol
search.
See ‘Writing portable packages’ in the ‘Writing R Extensions’ manual.
Flavors: r-devel-linux-x86_64-fedora-clang, r-devel-linux-x86_64-fedora-gcc
Version: 0.9-2.1
Check: whether package can be installed
Result: ERROR
Installation failed.
Flavor: r-release-macos-arm64
Version: 0.9-2.1
Check: package dependencies
Result: NOTE
Package suggested but not available for checking: ‘RODBC’
Flavor: r-oldrel-macos-arm64