Last updated on 2023-03-28 03:53:56 CEST.
Flavor | Version | Tinstall | Tcheck | Ttotal | Status | Flags |
---|---|---|---|---|---|---|
r-devel-linux-x86_64-debian-clang | 1.5.2 | 109.40 | 119.28 | 228.68 | NOTE | |
r-devel-linux-x86_64-debian-gcc | 1.5.2 | 93.30 | 90.46 | 183.76 | NOTE | |
r-devel-linux-x86_64-fedora-clang | 1.5.2 | 323.27 | NOTE | |||
r-devel-linux-x86_64-fedora-gcc | 1.5.2 | 314.65 | NOTE | |||
r-devel-windows-x86_64 | 1.5.2 | 104.00 | 206.00 | 310.00 | NOTE | |
r-patched-linux-x86_64 | 1.5.2 | 95.48 | 113.64 | 209.12 | NOTE | |
r-release-linux-x86_64 | 1.5.2 | 96.09 | 109.62 | 205.71 | OK | |
r-release-macos-arm64 | 1.5.2 | 82.00 | NOTE | |||
r-release-macos-x86_64 | 1.5.2 | 118.00 | NOTE | |||
r-release-windows-x86_64 | 1.5.2 | 213.00 | 206.00 | 419.00 | OK | |
r-oldrel-macos-arm64 | 1.5.2 | 82.00 | NOTE | |||
r-oldrel-macos-x86_64 | 1.5.2 | 117.00 | NOTE | |||
r-oldrel-windows-ix86+x86_64 | 1.5.2 | 276.00 | 229.00 | 505.00 | OK |
Version: 1.5.2
Check: C++ specification
Result: NOTE
Specified C++11: please drop specification unless essential
Flavors: r-devel-linux-x86_64-debian-clang, r-devel-linux-x86_64-debian-gcc, r-devel-linux-x86_64-fedora-clang, r-devel-linux-x86_64-fedora-gcc, r-devel-windows-x86_64, r-patched-linux-x86_64
Version: 1.5.2
Check: installed package size
Result: NOTE
installed size is 5.3Mb
sub-directories of 1Mb or more:
libs 4.4Mb
Flavors: r-release-macos-arm64, r-release-macos-x86_64, r-oldrel-macos-arm64, r-oldrel-macos-x86_64