Last updated on 2024-04-19 11:56:39 CEST.
Flavor | Version | Tinstall | Tcheck | Ttotal | Status | Flags |
---|---|---|---|---|---|---|
r-devel-linux-x86_64-debian-clang | 1.5.2 | 115.41 | 112.16 | 227.57 | NOTE | |
r-devel-linux-x86_64-debian-gcc | 1.5.2 | NOTE | ||||
r-devel-linux-x86_64-fedora-clang | 1.5.2 | 321.06 | NOTE | |||
r-devel-linux-x86_64-fedora-gcc | 1.5.2 | 340.01 | NOTE | |||
r-prerel-macos-arm64 | 1.5.2 | 80.00 | NOTE | |||
r-prerel-windows-x86_64 | 1.5.2 | 91.00 | 155.00 | 246.00 | NOTE | |
r-patched-linux-x86_64 | 1.5.2 | 116.63 | 110.31 | 226.94 | NOTE | |
r-release-linux-x86_64 | 1.5.2 | 115.90 | 112.01 | 227.91 | NOTE | |
r-release-macos-arm64 | 1.5.2 | 101.00 | NOTE | |||
r-release-macos-x86_64 | 1.5.2 | 160.00 | NOTE | |||
r-release-windows-x86_64 | 1.5.2 | 121.00 | 186.00 | 307.00 | NOTE | |
r-oldrel-macos-arm64 | 1.5.2 | 82.00 | NOTE | |||
r-oldrel-windows-x86_64 | 1.5.2 | 113.00 | 174.00 | 287.00 | OK |
Version: 1.5.2
Check: C++ specification
Result: NOTE
Specified C++11: please drop specification unless essential
Flavors: r-devel-linux-x86_64-debian-clang, r-devel-linux-x86_64-debian-gcc, r-devel-linux-x86_64-fedora-clang, r-devel-linux-x86_64-fedora-gcc, r-prerel-macos-arm64, r-prerel-windows-x86_64, r-patched-linux-x86_64, r-release-linux-x86_64, r-release-macos-arm64, r-release-macos-x86_64, r-release-windows-x86_64
Version: 1.5.2
Check: installed package size
Result: NOTE
installed size is 5.3Mb
sub-directories of 1Mb or more:
libs 4.3Mb
Flavors: r-release-macos-arm64, r-release-macos-x86_64, r-oldrel-macos-arm64