Last updated on 2023-11-28 21:48:09 CET.
Flavor | Version | Tinstall | Tcheck | Ttotal | Status | Flags |
---|---|---|---|---|---|---|
r-devel-linux-x86_64-debian-clang | 0.0.1 | 44.23 | 35.56 | 79.79 | OK | |
r-devel-linux-x86_64-debian-gcc | 0.0.1 | 30.66 | 27.14 | 57.80 | OK | |
r-devel-linux-x86_64-fedora-clang | 0.0.1 | 117.98 | NOTE | |||
r-devel-linux-x86_64-fedora-gcc | 0.0.1 | 108.05 | NOTE | |||
r-devel-windows-x86_64 | 0.0.1 | 34.00 | 68.00 | 102.00 | OK | |
r-patched-linux-x86_64 | 0.0.1 | 41.21 | 35.10 | 76.31 | OK | |
r-release-linux-x86_64 | 0.0.1 | 36.78 | 34.61 | 71.39 | OK | |
r-release-macos-arm64 | 0.0.1 | 35.00 | OK | |||
r-release-macos-x86_64 | 0.0.1 | 50.00 | OK | |||
r-release-windows-x86_64 | 0.0.1 | 45.00 | 75.00 | 120.00 | OK | |
r-oldrel-macos-arm64 | 0.0.1 | 33.00 | NOTE | |||
r-oldrel-macos-x86_64 | 0.0.1 | 41.00 | NOTE | |||
r-oldrel-windows-x86_64 | 0.0.1 | 40.00 | 73.00 | 113.00 | OK |
Version: 0.0.1
Check: dependencies in R code
Result: NOTE
Namespace in Imports field not imported from: ‘survival’
All declared Imports should be used.
Flavors: r-devel-linux-x86_64-fedora-clang, r-devel-linux-x86_64-fedora-gcc, r-oldrel-macos-arm64, r-oldrel-macos-x86_64