Last updated on 2023-03-21 12:50:30 CET.
Flavor | Version | Tinstall | Tcheck | Ttotal | Status | Flags |
---|---|---|---|---|---|---|
r-devel-linux-x86_64-debian-clang | 0.1.2 | 50.30 | 41.60 | 91.90 | NOTE | |
r-devel-linux-x86_64-debian-gcc | 0.1.2 | 48.22 | 32.46 | 80.68 | NOTE | |
r-devel-linux-x86_64-fedora-clang | 0.1.2 | 138.01 | NOTE | |||
r-devel-linux-x86_64-fedora-gcc | 0.1.2 | 126.95 | NOTE | |||
r-patched-linux-x86_64 | 0.1.2 | 47.85 | 41.99 | 89.84 | NOTE | |
r-release-linux-x86_64 | 0.1.2 | 45.12 | 41.96 | 87.08 | NOTE | |
r-release-macos-arm64 | 0.1.2 | 34.00 | OK | |||
r-release-macos-x86_64 | 0.1.2 | 50.00 | OK | |||
r-oldrel-macos-arm64 | 0.1.2 | 40.00 | OK | |||
r-oldrel-macos-x86_64 | 0.1.2 | 68.00 | OK |
Version: 0.1.2
Check: for non-standard things in the check directory
Result: NOTE
Found the following files/directories:
‘outputs’
Flavors: r-devel-linux-x86_64-debian-clang, r-devel-linux-x86_64-debian-gcc, r-devel-linux-x86_64-fedora-clang, r-devel-linux-x86_64-fedora-gcc, r-patched-linux-x86_64, r-release-linux-x86_64
Version: 0.1.2
Check: compiled code
Result: NOTE
File ‘bigReg/libs/bigReg.so’:
Found no calls to: ‘R_registerRoutines’, ‘R_useDynamicSymbols’
It is good practice to register native routines and to disable symbol
search.
See ‘Writing portable packages’ in the ‘Writing R Extensions’ manual.
Flavors: r-devel-linux-x86_64-fedora-clang, r-devel-linux-x86_64-fedora-gcc