Last updated on 2024-04-20 03:52:54 CEST.
Flavor | Version | Tinstall | Tcheck | Ttotal | Status | Flags |
---|---|---|---|---|---|---|
r-devel-linux-x86_64-debian-clang | 4.2.0 | 35.16 | 222.70 | 257.86 | OK | |
r-devel-linux-x86_64-debian-gcc | 4.1.4 | OK | ||||
r-devel-linux-x86_64-fedora-clang | 4.2.0 | 329.10 | NOTE | |||
r-devel-linux-x86_64-fedora-gcc | 4.2.0 | 300.88 | OK | |||
r-prerel-macos-arm64 | 4.2.0 | 76.00 | OK | |||
r-prerel-macos-x86_64 | 4.2.0 | 212.00 | OK | |||
r-prerel-windows-x86_64 | 4.2.0 | 29.00 | 197.00 | 226.00 | OK | |
r-patched-linux-x86_64 | 4.1.4 | 28.74 | 224.04 | 252.78 | OK | |
r-release-linux-x86_64 | 4.1.4 | 26.29 | 228.07 | 254.36 | OK | |
r-release-macos-arm64 | 4.2.0 | 87.00 | OK | |||
r-release-macos-x86_64 | 4.2.0 | 158.00 | OK | |||
r-release-windows-x86_64 | 4.1.4 | 32.00 | 245.00 | 277.00 | OK | |
r-oldrel-macos-arm64 | 4.2.0 | 80.00 | OK | |||
r-oldrel-windows-x86_64 | 4.1.4 | 34.00 | 230.00 | 264.00 | OK |
Version: 4.2.0
Check: package dependencies
Result: NOTE
Imports includes 23 non-default packages.
Importing from so many packages makes the package vulnerable to any of
them becoming unavailable. Move as many as possible to Suggests and
use conditionally.
Flavor: r-devel-linux-x86_64-fedora-clang