Last updated on 2023-09-29 12:56:52 CEST.
Flavor | Version | Tinstall | Tcheck | Ttotal | Status | Flags |
---|---|---|---|---|---|---|
r-devel-linux-x86_64-debian-clang | 4.1.3 | 25.80 | 242.51 | 268.31 | OK | |
r-devel-linux-x86_64-debian-gcc | 4.1.3 | 22.23 | 174.30 | 196.53 | OK | |
r-devel-linux-x86_64-fedora-clang | 4.1.3 | 334.03 | NOTE | |||
r-devel-linux-x86_64-fedora-gcc | 4.1.3 | 324.67 | OK | |||
r-devel-windows-x86_64 | 4.1.3 | 26.00 | 188.00 | 214.00 | OK | |
r-patched-linux-x86_64 | 4.1.3 | 32.82 | 227.12 | 259.94 | OK | |
r-release-linux-x86_64 | 4.1.3 | 23.39 | 230.05 | 253.44 | OK | |
r-release-macos-arm64 | 4.1.3 | 87.00 | OK | |||
r-release-macos-x86_64 | 4.1.3 | 234.00 | OK | |||
r-release-windows-x86_64 | 4.1.3 | 33.00 | 239.00 | 272.00 | OK | |
r-oldrel-macos-arm64 | 4.1.3 | 84.00 | OK | |||
r-oldrel-macos-x86_64 | 4.1.3 | 117.00 | OK | |||
r-oldrel-windows-x86_64 | 4.1.3 | 34.00 | 225.00 | 259.00 | OK |
Version: 4.1.3
Check: package dependencies
Result: NOTE
Imports includes 22 non-default packages.
Importing from so many packages makes the package vulnerable to any of
them becoming unavailable. Move as many as possible to Suggests and
use conditionally.
Flavor: r-devel-linux-x86_64-fedora-clang