CRAN Package Check Results for Package bfast

Last updated on 2021-09-20 12:59:06 CEST.

Flavor Version Tinstall Tcheck Ttotal Status Flags
r-devel-linux-x86_64-debian-clang 1.6.1 24.81 88.94 113.75 OK
r-devel-linux-x86_64-debian-gcc 1.6.1 17.86 66.14 84.00 OK
r-devel-linux-x86_64-fedora-clang 1.6.1 149.58 OK
r-devel-linux-x86_64-fedora-gcc 1.6.1 131.23 OK
r-devel-windows-x86_64 1.6.1 24.00 91.00 115.00 OK
r-devel-windows-x86_64-gcc10-UCRT 1.6.1 ERROR
r-patched-linux-x86_64 1.6.1 20.16 81.54 101.70 OK
r-patched-solaris-x86 1.6.1 171.40 OK
r-release-linux-x86_64 1.6.1 20.15 81.42 101.57 OK
r-release-macos-arm64 1.6.1 OK
r-release-macos-x86_64 1.6.1 OK
r-release-windows-ix86+x86_64 1.6.1 58.00 162.00 220.00 OK
r-oldrel-macos-x86_64 1.6.1 OK
r-oldrel-windows-ix86+x86_64 1.6.1 58.00 175.00 233.00 OK

Check Details

Version: 1.6.1
Check: whether package can be installed
Result: ERROR
    Installation failed.
Flavor: r-devel-windows-x86_64-gcc10-UCRT