CRAN Package Check Results for Package beyondWhittle

Last updated on 2021-12-03 21:50:23 CET.

Flavor Version Tinstall Tcheck Ttotal Status Flags
r-devel-linux-x86_64-debian-clang 1.1.1 149.27 48.08 197.35 OK
r-devel-linux-x86_64-debian-gcc 1.1.1 97.67 36.71 134.38 OK
r-devel-linux-x86_64-fedora-clang 1.1.1 326.85 OK
r-devel-linux-x86_64-fedora-gcc 1.1.1 262.84 OK
r-devel-windows-x86_64-new-UL 1.1.1 191.00 118.00 309.00 OK
r-devel-windows-x86_64-new-TK 1.1.1 OK
r-devel-windows-x86_64-old 1.1.1 196.00 65.00 261.00 OK
r-patched-linux-x86_64 1.1.1 123.98 45.94 169.92 OK
r-release-linux-x86_64 1.1.1 130.72 45.72 176.44 OK
r-release-macos-arm64 1.1.1 NOTE
r-release-macos-x86_64 1.1.1 NOTE
r-release-windows-ix86+x86_64 1.1.1 370.00 93.00 463.00 OK
r-oldrel-macos-x86_64 1.1.1 NOTE
r-oldrel-windows-ix86+x86_64 1.1.1 367.00 94.00 461.00 OK

Check Details

Version: 1.1.1
Check: installed package size
Result: NOTE
     installed size is 6.0Mb
     sub-directories of 1Mb or more:
     libs 5.6Mb
Flavors: r-release-macos-arm64, r-release-macos-x86_64, r-oldrel-macos-x86_64