CRAN Package Check Results for Package bettermc

Last updated on 2022-08-13 12:55:09 CEST.

Flavor Version Tinstall Tcheck Ttotal Status Flags
r-devel-linux-x86_64-debian-clang 1.1.2 6.50 53.98 60.48 NOTE
r-devel-linux-x86_64-debian-gcc 1.1.2 4.12 42.18 46.30 NOTE
r-devel-linux-x86_64-fedora-clang 1.1.2 81.96 NOTE
r-devel-linux-x86_64-fedora-gcc 1.1.2 78.19 NOTE
r-devel-windows-x86_64 1.1.2 25.00 80.00 105.00 NOTE
r-patched-linux-x86_64 1.1.2 5.96 53.48 59.44 OK
r-release-linux-x86_64 1.1.2 4.78 51.88 56.66 OK
r-release-macos-arm64 1.1.2 49.00 OK
r-release-macos-x86_64 1.1.2 60.00 OK
r-release-windows-x86_64 1.1.2 35.00 78.00 113.00 OK
r-oldrel-macos-arm64 1.1.2 51.00 OK
r-oldrel-macos-x86_64 1.1.2 64.00 OK
r-oldrel-windows-ix86+x86_64 1.1.2 16.00 104.00 120.00 OK

Additional issues

noSuggests

Check Details

Version: 1.1.2
Check: package subdirectories
Result: NOTE
    Problems with news in 'NEWS.md':
    No news entries found.
Flavors: r-devel-linux-x86_64-debian-clang, r-devel-linux-x86_64-debian-gcc, r-devel-linux-x86_64-fedora-clang, r-devel-linux-x86_64-fedora-gcc, r-devel-windows-x86_64