CRAN Package Check Results for Package beanz

Last updated on 2025-07-23 21:51:38 CEST.

Flavor Version Tinstall Tcheck Ttotal Status Flags
r-devel-linux-x86_64-debian-clang 3.1 767.72 237.58 1005.30 NOTE
r-devel-linux-x86_64-debian-gcc 3.1 726.24 222.35 948.59 NOTE
r-devel-linux-x86_64-fedora-clang 3.1 1521.66 OK
r-devel-linux-x86_64-fedora-gcc 3.1 2111.93 OK
r-devel-windows-x86_64 3.1 835.00 306.00 1141.00 OK
r-patched-linux-x86_64 3.1 881.12 310.85 1191.97 OK
r-release-linux-x86_64 3.1 876.15 308.61 1184.76 OK
r-release-macos-arm64 3.1 398.00 OK
r-release-macos-x86_64 3.1 585.00 OK
r-release-windows-x86_64 3.1 849.00 305.00 1154.00 OK
r-oldrel-macos-arm64 3.1 218.00 NOTE
r-oldrel-macos-x86_64 3.1 238.00 NOTE
r-oldrel-windows-x86_64 3.1 927.00 391.00 1318.00 NOTE

Check Details

Version: 3.1
Check: CRAN incoming feasibility
Result: NOTE Maintainer: ‘Chenguang Wang <cwang68@jhmi.edu>’ No Authors@R field in DESCRIPTION. Please add one, modifying Authors@R: c(person(given = "Chenguang", family = "Wang", role = c("aut", "cre"), email = "cwang68@jhmi.edu"), person(given = "Ravi", family = "Varadhan", role = "aut"), person(given = c("Trustees", "of", "Columbia"), family = "University", role = "cph", comment = "tools/make_cpp.R, R/stanmodels.R")) as necessary. Flavors: r-devel-linux-x86_64-debian-clang, r-devel-linux-x86_64-debian-gcc

Version: 3.1
Check: installed package size
Result: NOTE installed size is 118.5Mb sub-directories of 1Mb or more: libs 116.9Mb Flavors: r-oldrel-macos-arm64, r-oldrel-macos-x86_64, r-oldrel-windows-x86_64

Version: 3.1
Check: for GNU extensions in Makefiles
Result: NOTE GNU make is a SystemRequirements. Flavors: r-oldrel-macos-arm64, r-oldrel-macos-x86_64, r-oldrel-windows-x86_64