Last updated on 2022-05-20 12:53:19 CEST.
Flavor | Version | Tinstall | Tcheck | Ttotal | Status | Flags |
---|---|---|---|---|---|---|
r-devel-linux-x86_64-debian-clang | 2.4 | 761.05 | 270.06 | 1031.11 | NOTE | |
r-devel-linux-x86_64-debian-gcc | 2.4 | 699.02 | 222.93 | 921.95 | NOTE | |
r-devel-linux-x86_64-fedora-clang | 2.4 | 1435.05 | NOTE | |||
r-devel-windows-x86_64 | 2.4 | 461.00 | 345.00 | 806.00 | NOTE | |
r-patched-linux-x86_64 | 2.4 | 552.31 | 294.84 | 847.15 | NOTE | |
r-release-linux-x86_64 | 2.4 | 560.74 | 291.06 | 851.80 | NOTE | |
r-release-macos-arm64 | 2.4 | 346.00 | NOTE | |||
r-release-macos-x86_64 | 2.4 | 606.00 | NOTE | |||
r-release-windows-x86_64 | 2.4 | 466.00 | 358.00 | 824.00 | NOTE | |
r-oldrel-macos-arm64 | 2.4 | 417.00 | NOTE | |||
r-oldrel-macos-x86_64 | 2.4 | 771.00 | NOTE | |||
r-oldrel-windows-ix86+x86_64 | 2.4 | 191.00 | 11.00 | 202.00 | ERROR |
Version: 2.4
Check: for GNU extensions in Makefiles
Result: NOTE
GNU make is a SystemRequirements.
Flavors: r-devel-linux-x86_64-debian-clang, r-devel-linux-x86_64-debian-gcc, r-devel-linux-x86_64-fedora-clang, r-devel-windows-x86_64, r-patched-linux-x86_64, r-release-linux-x86_64, r-release-macos-arm64, r-release-macos-x86_64, r-release-windows-x86_64, r-oldrel-macos-arm64, r-oldrel-macos-x86_64
Version: 2.4
Check: installed package size
Result: NOTE
installed size is 72.1Mb
sub-directories of 1Mb or more:
libs 70.5Mb
Flavors: r-devel-linux-x86_64-fedora-clang, r-devel-windows-x86_64, r-release-macos-arm64, r-release-macos-x86_64, r-release-windows-x86_64, r-oldrel-macos-arm64, r-oldrel-macos-x86_64
Version: 2.4
Check: dependencies in R code
Result: NOTE
Namespace in Imports field not imported from: ‘rstantools’
All declared Imports should be used.
Flavors: r-devel-linux-x86_64-fedora-clang, r-release-macos-arm64, r-release-macos-x86_64, r-oldrel-macos-arm64, r-oldrel-macos-x86_64
Version: 2.4
Check: whether package can be installed
Result: ERROR
Installation failed.
Flavor: r-oldrel-windows-ix86+x86_64