Last updated on 2024-04-18 11:50:55 CEST.
Flavor | Version | Tinstall | Tcheck | Ttotal | Status | Flags |
---|---|---|---|---|---|---|
r-devel-linux-x86_64-debian-clang | 0.5.0 | 4.62 | 248.00 | 252.62 | OK | |
r-devel-linux-x86_64-debian-gcc | 0.5.0 | 4.36 | 182.14 | 186.50 | OK | |
r-devel-linux-x86_64-fedora-clang | 0.5.0 | 309.16 | OK | |||
r-devel-linux-x86_64-fedora-gcc | 0.5.0 | 318.16 | OK | |||
r-prerel-macos-arm64 | 0.5.0 | 101.00 | OK | |||
r-prerel-windows-x86_64 | 0.5.0 | 8.00 | 202.00 | 210.00 | OK | |
r-patched-linux-x86_64 | 0.5.0 | 4.92 | 220.51 | 225.43 | OK | |
r-release-linux-x86_64 | 0.5.0 | 4.78 | 230.40 | 235.18 | OK | |
r-release-macos-arm64 | 0.5.0 | 96.00 | OK | |||
r-release-macos-x86_64 | 0.5.0 | 194.00 | OK | |||
r-release-windows-x86_64 | 0.5.0 | 9.00 | 249.00 | 258.00 | OK | |
r-oldrel-macos-arm64 | 0.4.1 | 152.00 | NOTE |
Version: 0.4.1
Check: package dependencies
Result: NOTE
Package suggested but not available for checking: ‘flowCore’
Flavor: r-oldrel-macos-arm64