Last updated on 2024-04-19 03:56:15 CEST.
Flavor | Version | Tinstall | Tcheck | Ttotal | Status | Flags |
---|---|---|---|---|---|---|
r-devel-linux-x86_64-debian-clang | 1.1.4 | 46.11 | 413.89 | 460.00 | OK | |
r-devel-linux-x86_64-debian-gcc | 1.1.4 | 26.48 | 292.22 | 318.70 | OK | |
r-devel-linux-x86_64-fedora-clang | 1.1.4 | 546.87 | NOTE | |||
r-devel-linux-x86_64-fedora-gcc | 1.1.4 | 530.45 | OK | |||
r-prerel-macos-arm64 | 1.1.4 | 137.00 | NOTE | |||
r-prerel-windows-x86_64 | 1.1.4 | 31.00 | 250.00 | 281.00 | NOTE | |
r-patched-linux-x86_64 | 1.1.4 | 22.39 | 364.42 | 386.81 | OK | |
r-release-linux-x86_64 | 1.1.4 | 25.17 | 379.54 | 404.71 | OK | |
r-release-macos-arm64 | 1.1.4 | 164.00 | NOTE | |||
r-release-macos-x86_64 | 1.1.4 | 329.00 | NOTE | |||
r-release-windows-x86_64 | 1.1.4 | 40.00 | 351.00 | 391.00 | NOTE | |
r-oldrel-macos-arm64 | 1.1.4 | 100.00 | NOTE | |||
r-oldrel-windows-x86_64 | 1.1.4 | 41.00 | 340.00 | 381.00 | NOTE |
Version: 1.1.4
Check: installed package size
Result: NOTE
installed size is 5.2Mb
sub-directories of 1Mb or more:
doc 3.6Mb
extdata 1.2Mb
Flavors: r-devel-linux-x86_64-fedora-clang, r-prerel-macos-arm64, r-prerel-windows-x86_64, r-release-macos-arm64, r-release-macos-x86_64, r-release-windows-x86_64, r-oldrel-macos-arm64, r-oldrel-windows-x86_64