Last updated on 2025-04-29 12:52:30 CEST.
Flavor | Version | Tinstall | Tcheck | Ttotal | Status | Flags |
---|---|---|---|---|---|---|
r-devel-linux-x86_64-debian-clang | 1.0 | 9.70 | 134.17 | 143.87 | NOTE | |
r-devel-linux-x86_64-debian-gcc | 1.0 | 7.07 | 103.79 | 110.86 | NOTE | |
r-devel-linux-x86_64-fedora-clang | 1.0 | 233.43 | OK | |||
r-devel-linux-x86_64-fedora-gcc | 1.0 | 233.37 | OK | |||
r-devel-windows-x86_64 | 1.0 | 11.00 | 145.00 | 156.00 | OK | |
r-patched-linux-x86_64 | 1.0 | 9.83 | 135.72 | 145.55 | OK | |
r-release-linux-x86_64 | 1.0 | 8.89 | 135.53 | 144.42 | OK | |
r-release-macos-arm64 | 1.0 | 75.00 | OK | |||
r-release-macos-x86_64 | 1.0 | 127.00 | OK | |||
r-release-windows-x86_64 | 1.0 | 11.00 | 153.00 | 164.00 | OK | |
r-oldrel-macos-arm64 | 1.0 | 54.00 | OK | |||
r-oldrel-macos-x86_64 | 1.0 | 107.00 | OK | |||
r-oldrel-windows-x86_64 | 1.0 | 13.00 | 184.00 | 197.00 | OK |
Version: 1.0
Check: CRAN incoming feasibility
Result: NOTE
Maintainer: ‘Cristian Oliva-Aviles <coliva@colostate.edu>’
The Description field contains
covariates. See Meyer et al. (2011) <doi/10.1080/10485252.2011.597852>
Please write DOIs as <doi:prefix/suffix>.
Flavors: r-devel-linux-x86_64-debian-clang, r-devel-linux-x86_64-debian-gcc