CRAN Package Check Results for Package bbmle

Last updated on 2020-07-15 06:47:54 CEST.

Flavor Version Tinstall Tcheck Ttotal Status Flags
r-devel-linux-x86_64-debian-clang 1.0.23.1 13.14 258.63 271.77 OK
r-devel-linux-x86_64-debian-gcc 1.0.23.1 11.95 198.52 210.47 OK
r-devel-linux-x86_64-fedora-clang 1.0.23.1 337.93 OK
r-devel-linux-x86_64-fedora-gcc 1.0.23.1 334.36 OK
r-devel-windows-ix86+x86_64 1.0.23.1 34.00 339.00 373.00 OK
r-patched-linux-x86_64 1.0.23.1 12.15 253.59 265.74 OK
r-patched-solaris-x86 1.0.23.1 470.80 OK
r-release-linux-x86_64 1.0.23.1 13.24 253.25 266.49 OK
r-release-macos-x86_64 1.0.23.1 ERROR
r-release-windows-ix86+x86_64 1.0.23.1 34.00 338.00 372.00 OK
r-oldrel-macos-x86_64 1.0.23.1 OK
r-oldrel-windows-ix86+x86_64 1.0.23.1 28.00 333.00 361.00 OK

Check Details

Version: 1.0.23.1
Check: whether package can be installed
Result: ERROR
    Installation failed.
Flavor: r-release-macos-x86_64