CRAN Package Check Results for Package bbmix

Last updated on 2024-06-12 21:49:37 CEST.

Flavor Version Tinstall Tcheck Ttotal Status Flags
r-devel-linux-x86_64-debian-clang 1.0.0 164.56 152.15 316.71 NOTE
r-devel-linux-x86_64-debian-gcc 1.0.0 0.33 1.79 2.12 ERROR
r-devel-linux-x86_64-fedora-clang 1.0.0 410.67 NOTE
r-devel-linux-x86_64-fedora-gcc 1.0.0 498.37 NOTE
r-devel-windows-x86_64 1.0.0 143.00 141.00 284.00 NOTE
r-patched-linux-x86_64 1.0.0 131.39 155.24 286.63 NOTE
r-release-linux-x86_64 1.0.0 128.69 154.85 283.54 NOTE
r-release-macos-arm64 1.0.0 97.00 NOTE
r-release-macos-x86_64 1.0.0 154.00 NOTE
r-release-windows-x86_64 1.0.0 135.00 138.00 273.00 NOTE
r-oldrel-macos-arm64 1.0.0 81.00 NOTE
r-oldrel-macos-x86_64 1.0.0 213.00 NOTE
r-oldrel-windows-x86_64 1.0.0 170.00 193.00 363.00 NOTE

Check Details

Version: 1.0.0
Check: for GNU extensions in Makefiles
Result: NOTE GNU make is a SystemRequirements. Flavors: r-devel-linux-x86_64-debian-clang, r-devel-linux-x86_64-fedora-clang, r-devel-linux-x86_64-fedora-gcc, r-devel-windows-x86_64, r-patched-linux-x86_64, r-release-linux-x86_64, r-release-macos-arm64, r-release-macos-x86_64, r-release-windows-x86_64, r-oldrel-macos-arm64, r-oldrel-macos-x86_64, r-oldrel-windows-x86_64

Version: 1.0.0
Check: package dependencies
Result: ERROR Package required but not available: ‘rstan’ See section ‘The DESCRIPTION file’ in the ‘Writing R Extensions’ manual. Flavor: r-devel-linux-x86_64-debian-gcc

Version: 1.0.0
Check: installed package size
Result: NOTE installed size is 43.7Mb sub-directories of 1Mb or more: libs 43.1Mb Flavors: r-release-macos-arm64, r-release-macos-x86_64, r-oldrel-macos-arm64, r-oldrel-macos-x86_64