CRAN Package Check Results for Package bbknnR

Last updated on 2022-09-28 12:55:12 CEST.

Flavor Version Tinstall Tcheck Ttotal Status Flags
r-devel-linux-x86_64-debian-clang 1.0.2 57.32 260.08 317.40 OK
r-devel-linux-x86_64-debian-gcc 1.0.2 41.81 191.44 233.25 OK
r-devel-linux-x86_64-fedora-clang 1.0.2 417.73 OK
r-devel-linux-x86_64-fedora-gcc 1.0.2 393.02 OK
r-devel-windows-x86_64 1.0.2 47.00 276.00 323.00 OK
r-patched-linux-x86_64 1.0.2 43.14 247.56 290.70 OK
r-release-linux-x86_64 1.0.2 35.31 252.07 287.38 OK
r-release-macos-arm64 1.0.2 80.00 OK
r-release-macos-x86_64 1.0.2 138.00 OK
r-release-windows-x86_64 1.0.2 40.00 316.00 356.00 OK
r-oldrel-macos-arm64 1.0.2 81.00 OK
r-oldrel-macos-x86_64 1.0.2 139.00 OK
r-oldrel-windows-ix86+x86_64 1.0.2 73.00 374.00 447.00 NOTE

Check Details

Version: 1.0.2
Check: installed package size
Result: NOTE
     installed size is 5.5Mb
     sub-directories of 1Mb or more:
     data 3.0Mb
     libs 2.0Mb
Flavor: r-oldrel-windows-ix86+x86_64