Last updated on 2023-03-28 12:54:34 CEST.
Flavor | Version | Tinstall | Tcheck | Ttotal | Status | Flags |
---|---|---|---|---|---|---|
r-devel-linux-x86_64-debian-clang | 1.0.11 | 3.34 | 32.79 | 36.13 | NOTE | --no-examples --no-tests --no-vignettes |
r-devel-linux-x86_64-debian-gcc | 1.0.11 | 2.86 | 26.23 | 29.09 | NOTE | --no-examples --no-tests --no-vignettes |
r-devel-linux-x86_64-fedora-clang | 1.0.11 | 52.12 | NOTE | |||
r-devel-linux-x86_64-fedora-gcc | 1.0.11 | 48.93 | NOTE | |||
r-patched-linux-x86_64 | 1.0.11 | 4.20 | 32.38 | 36.58 | NOTE | --no-examples --no-tests --no-vignettes |
r-release-linux-x86_64 | 1.0.11 | 3.39 | 34.10 | 37.49 | NOTE | --no-examples --no-tests --no-vignettes |
r-release-macos-arm64 | 1.0.11 | 21.00 | NOTE | |||
r-release-macos-x86_64 | 1.0.11 | 28.00 | NOTE | |||
r-release-windows-x86_64 | 1.0.11 | 28.00 | 77.00 | 105.00 | NOTE | |
r-oldrel-macos-arm64 | 1.0.11 | 28.00 | NOTE | |||
r-oldrel-macos-x86_64 | 1.0.11 | 33.00 | NOTE | |||
r-oldrel-windows-ix86+x86_64 | 1.0.11 | 10.00 | 65.00 | 75.00 | NOTE |
Version: 1.0.11
Flags: --no-examples --no-tests --no-vignettes
Check: LazyData
Result: NOTE
'LazyData' is specified without a 'data' directory
Flavors: r-devel-linux-x86_64-debian-clang, r-devel-linux-x86_64-debian-gcc, r-patched-linux-x86_64, r-release-linux-x86_64
Version: 1.0.11
Check: Rd cross-references
Result: NOTE
Undeclared package ‘formula.tools’ in Rd xrefs
Flavor: r-devel-linux-x86_64-fedora-clang
Version: 1.0.11
Check: LazyData
Result: NOTE
'LazyData' is specified without a 'data' directory
Flavors: r-devel-linux-x86_64-fedora-clang, r-devel-linux-x86_64-fedora-gcc, r-release-macos-arm64, r-release-macos-x86_64, r-release-windows-x86_64, r-oldrel-macos-arm64, r-oldrel-macos-x86_64, r-oldrel-windows-ix86+x86_64