CRAN Package Check Results for Package bayesdistreg

Last updated on 2024-04-20 12:50:51 CEST.

Flavor Version Tinstall Tcheck Ttotal Status Flags
r-devel-linux-x86_64-debian-clang 0.1.0 2.57 40.89 43.46 NOTE
r-devel-linux-x86_64-debian-gcc 0.1.0 2.26 29.26 31.52 NOTE
r-devel-linux-x86_64-fedora-clang 0.1.0 53.97 NOTE
r-devel-linux-x86_64-fedora-gcc 0.1.0 50.57 NOTE
r-prerel-macos-arm64 0.1.0 19.00 NOTE
r-prerel-windows-x86_64 0.1.0 3.00 60.00 63.00 NOTE
r-patched-linux-x86_64 0.1.0 2.26 37.69 39.95 NOTE
r-release-linux-x86_64 0.1.0 2.45 37.69 40.14 NOTE
r-release-macos-arm64 0.1.0 23.00 NOTE
r-release-macos-x86_64 0.1.0 32.00 NOTE
r-release-windows-x86_64 0.1.0 5.00 65.00 70.00 NOTE
r-oldrel-macos-arm64 0.1.0 21.00 NOTE
r-oldrel-windows-x86_64 0.1.0 5.00 67.00 72.00 NOTE

Check Details

Version: 0.1.0
Check: package subdirectories
Result: NOTE Problems with news in ‘NEWS.md’: No news entries found. Flavors: r-devel-linux-x86_64-debian-clang, r-devel-linux-x86_64-debian-gcc, r-devel-linux-x86_64-fedora-clang, r-devel-linux-x86_64-fedora-gcc, r-prerel-macos-arm64, r-prerel-windows-x86_64, r-patched-linux-x86_64, r-release-linux-x86_64, r-release-macos-arm64, r-release-macos-x86_64, r-release-windows-x86_64

Version: 0.1.0
Check: LazyData
Result: NOTE 'LazyData' is specified without a 'data' directory Flavors: r-devel-linux-x86_64-debian-clang, r-devel-linux-x86_64-debian-gcc, r-devel-linux-x86_64-fedora-clang, r-devel-linux-x86_64-fedora-gcc, r-prerel-macos-arm64, r-prerel-windows-x86_64, r-patched-linux-x86_64, r-release-linux-x86_64, r-release-macos-arm64, r-release-macos-x86_64, r-release-windows-x86_64, r-oldrel-macos-arm64, r-oldrel-windows-x86_64