Last updated on 2023-12-06 12:53:27 CET.
Flavor | Version | Tinstall | Tcheck | Ttotal | Status | Flags |
---|---|---|---|---|---|---|
r-devel-linux-x86_64-debian-clang | 1.3.1 | 872.41 | 616.45 | 1488.86 | NOTE | |
r-devel-linux-x86_64-debian-gcc | 1.3.1 | 574.97 | 544.69 | 1119.66 | NOTE | |
r-devel-linux-x86_64-fedora-clang | 1.3.1 | 1784.92 | NOTE | |||
r-devel-linux-x86_64-fedora-gcc | 1.3.1 | 2070.55 | NOTE | |||
r-devel-windows-x86_64 | 1.3.1 | 519.00 | 674.00 | 1193.00 | NOTE | |
r-patched-linux-x86_64 | 1.3.1 | 484.63 | 756.86 | 1241.49 | NOTE | |
r-release-linux-x86_64 | 1.3.1 | 0.01 | 2.45 | 2.46 | ERROR | |
r-release-macos-arm64 | 1.3.1 | 511.00 | NOTE | |||
r-release-macos-x86_64 | 1.3.1 | 974.00 | NOTE | |||
r-release-windows-x86_64 | 1.3.1 | 675.00 | 792.00 | 1467.00 | NOTE | |
r-oldrel-macos-arm64 | 1.3.1 | 465.00 | NOTE | |||
r-oldrel-macos-x86_64 | 1.3.1 | 690.00 | NOTE | |||
r-oldrel-windows-x86_64 | 1.3.1 | 632.00 | 757.00 | 1389.00 | NOTE |
Version: 1.3.1
Check: for GNU extensions in Makefiles
Result: NOTE
GNU make is a SystemRequirements.
Flavors: r-devel-linux-x86_64-debian-clang, r-devel-linux-x86_64-debian-gcc, r-devel-linux-x86_64-fedora-clang, r-devel-linux-x86_64-fedora-gcc, r-devel-windows-x86_64, r-patched-linux-x86_64, r-release-macos-arm64, r-release-macos-x86_64, r-release-windows-x86_64, r-oldrel-macos-arm64, r-oldrel-macos-x86_64, r-oldrel-windows-x86_64
Version: 1.3.1
Check: installed package size
Result: NOTE
installed size is 9.2Mb
sub-directories of 1Mb or more:
doc 1.0Mb
libs 7.6Mb
Flavors: r-devel-linux-x86_64-fedora-clang, r-devel-windows-x86_64, r-release-macos-arm64, r-release-macos-x86_64, r-release-windows-x86_64, r-oldrel-macos-arm64, r-oldrel-macos-x86_64, r-oldrel-windows-x86_64
Version: 1.3.1
Check: dependencies in R code
Result: NOTE
Namespace in Imports field not imported from: ‘rstantools’
All declared Imports should be used.
Flavors: r-devel-linux-x86_64-fedora-clang, r-devel-linux-x86_64-fedora-gcc
Version: 1.3.1
Check: whether package can be installed
Result: ERROR
Installation failed.
Flavor: r-release-linux-x86_64