Last updated on 2022-05-18 12:54:10 CEST.
Flavor | Version | Tinstall | Tcheck | Ttotal | Status | Flags |
---|---|---|---|---|---|---|
r-devel-linux-x86_64-debian-clang | 0.0.1.0 | 159.22 | 214.02 | 373.24 | NOTE | |
r-devel-linux-x86_64-debian-gcc | 0.0.1.0 | 132.59 | 164.96 | 297.55 | NOTE | |
r-devel-linux-x86_64-fedora-clang | 0.0.1.0 | 471.17 | NOTE | |||
r-devel-linux-x86_64-fedora-gcc | 0.0.1.0 | 487.62 | NOTE | |||
r-devel-windows-x86_64 | 0.0.1.0 | 135.00 | 288.00 | 423.00 | NOTE | |
r-patched-linux-x86_64 | 0.0.1.0 | 135.83 | 220.58 | 356.41 | NOTE | |
r-release-linux-x86_64 | 0.0.1.0 | 123.30 | 215.75 | 339.05 | NOTE | |
r-release-macos-arm64 | 0.0.1.0 | 127.00 | NOTE | |||
r-release-macos-x86_64 | 0.0.1.0 | 264.00 | NOTE | |||
r-release-windows-x86_64 | 0.0.1.0 | 134.00 | 303.00 | 437.00 | NOTE | |
r-oldrel-macos-arm64 | 0.0.1.0 | 176.00 | NOTE | |||
r-oldrel-macos-x86_64 | 0.0.1.0 | 155.00 | NOTE | |||
r-oldrel-windows-ix86+x86_64 | 0.0.1.0 | 122.00 | 12.00 | 134.00 | ERROR |
Version: 0.0.1.0
Check: for GNU extensions in Makefiles
Result: NOTE
GNU make is a SystemRequirements.
Flavors: r-devel-linux-x86_64-debian-clang, r-devel-linux-x86_64-debian-gcc, r-devel-linux-x86_64-fedora-clang, r-devel-linux-x86_64-fedora-gcc, r-devel-windows-x86_64, r-patched-linux-x86_64, r-release-linux-x86_64, r-release-macos-arm64, r-release-macos-x86_64, r-release-windows-x86_64, r-oldrel-macos-arm64, r-oldrel-macos-x86_64
Version: 0.0.1.0
Check: installed package size
Result: NOTE
installed size is 29.1Mb
sub-directories of 1Mb or more:
libs 26.9Mb
Flavors: r-devel-linux-x86_64-fedora-clang, r-release-macos-arm64, r-release-macos-x86_64, r-oldrel-macos-arm64, r-oldrel-macos-x86_64
Version: 0.0.1.0
Check: dependencies in R code
Result: NOTE
Namespaces in Imports field not imported from:
‘magrittr’ ‘rstantools’
All declared Imports should be used.
Flavors: r-devel-linux-x86_64-fedora-clang, r-devel-linux-x86_64-fedora-gcc, r-release-macos-arm64, r-release-macos-x86_64, r-oldrel-macos-arm64, r-oldrel-macos-x86_64
Version: 0.0.1.0
Check: whether package can be installed
Result: ERROR
Installation failed.
Flavor: r-oldrel-windows-ix86+x86_64