CRAN Package Check Results for Package bayesZIB

Last updated on 2022-05-26 03:53:04 CEST.

Flavor Version Tinstall Tcheck Ttotal Status Flags
r-devel-linux-x86_64-debian-clang 0.0.4 124.40 98.63 223.03 NOTE
r-devel-linux-x86_64-debian-gcc 0.0.4 117.11 79.39 196.50 NOTE
r-devel-linux-x86_64-fedora-clang 0.0.4 305.92 NOTE
r-devel-linux-x86_64-fedora-gcc 0.0.4 313.61 NOTE
r-devel-windows-x86_64 0.0.4 93.00 151.00 244.00 NOTE
r-patched-linux-x86_64 0.0.4 114.59 98.14 212.73 NOTE
r-release-linux-x86_64 0.0.4 ERROR
r-release-macos-arm64 0.0.4 80.00 NOTE
r-release-macos-x86_64 0.0.4 123.00 NOTE
r-release-windows-x86_64 0.0.4 98.00 152.00 250.00 NOTE
r-oldrel-macos-arm64 0.0.4 77.00 NOTE
r-oldrel-macos-x86_64 0.0.4 121.00 NOTE
r-oldrel-windows-ix86+x86_64 0.0.4 190.00 10.00 200.00 ERROR

Check Details

Version: 0.0.4
Check: for GNU extensions in Makefiles
Result: NOTE
    GNU make is a SystemRequirements.
Flavors: r-devel-linux-x86_64-debian-clang, r-devel-linux-x86_64-debian-gcc, r-devel-linux-x86_64-fedora-clang, r-devel-linux-x86_64-fedora-gcc, r-devel-windows-x86_64, r-patched-linux-x86_64, r-release-macos-arm64, r-release-macos-x86_64, r-release-windows-x86_64, r-oldrel-macos-arm64, r-oldrel-macos-x86_64

Version: 0.0.4
Check: installed package size
Result: NOTE
     installed size is 22.0Mb
     sub-directories of 1Mb or more:
     libs 21.7Mb
Flavors: r-devel-linux-x86_64-fedora-clang, r-release-macos-arm64, r-release-macos-x86_64, r-oldrel-macos-arm64, r-oldrel-macos-x86_64

Version: 0.0.4
Check: whether package can be installed
Result: ERROR
    Installation failed.
Flavors: r-release-linux-x86_64, r-oldrel-windows-ix86+x86_64