Last updated on 2024-04-19 03:56:15 CEST.
Flavor | Version | Tinstall | Tcheck | Ttotal | Status | Flags |
---|---|---|---|---|---|---|
r-devel-linux-x86_64-debian-clang | 0.5.0 | 107.03 | 64.20 | 171.23 | OK | |
r-devel-linux-x86_64-debian-gcc | 0.5.0 | 85.70 | 52.37 | 138.07 | OK | |
r-devel-linux-x86_64-fedora-clang | 0.5.0 | 240.16 | OK | |||
r-devel-linux-x86_64-fedora-gcc | 0.5.0 | 259.91 | OK | |||
r-prerel-macos-arm64 | 0.5.0 | 57.00 | NOTE | |||
r-prerel-macos-x86_64 | 0.5.0 | 156.00 | NOTE | |||
r-prerel-windows-x86_64 | 0.5.0 | 83.00 | 105.00 | 188.00 | OK | |
r-patched-linux-x86_64 | 0.5.0 | 101.99 | 67.96 | 169.95 | OK | |
r-release-linux-x86_64 | 0.5.0 | 118.47 | 65.12 | 183.59 | OK | |
r-release-macos-arm64 | 0.5.0 | 74.00 | NOTE | |||
r-release-macos-x86_64 | 0.5.0 | 163.00 | NOTE | |||
r-release-windows-x86_64 | 0.5.0 | 96.00 | 117.00 | 213.00 | OK | |
r-oldrel-macos-arm64 | 0.5.0 | 69.00 | NOTE | |||
r-oldrel-windows-x86_64 | 0.5.0 | 94.00 | 106.00 | 200.00 | OK |
Version: 0.5.0
Check: installed package size
Result: NOTE
installed size is 12.2Mb
sub-directories of 1Mb or more:
libs 11.6Mb
Flavors: r-prerel-macos-arm64, r-prerel-macos-x86_64, r-release-macos-arm64, r-release-macos-x86_64, r-oldrel-macos-arm64