CRAN Package Check Results for Package bayesGAM

Last updated on 2022-05-28 11:51:59 CEST.

Flavor Version Tinstall Tcheck Ttotal Status Flags
r-devel-linux-x86_64-debian-clang 0.0.2 626.62 229.70 856.32 NOTE
r-devel-linux-x86_64-debian-gcc 0.0.2 539.54 213.33 752.87 NOTE
r-devel-linux-x86_64-fedora-clang 0.0.2 1185.23 NOTE
r-devel-linux-x86_64-fedora-gcc 0.0.2 1195.92 NOTE
r-devel-windows-x86_64 0.0.2 440.00 329.00 769.00 NOTE
r-patched-linux-x86_64 0.0.2 0.01 11.89 11.90 ERROR
r-release-linux-x86_64 0.0.2 0.02 11.46 11.48 ERROR
r-release-macos-arm64 0.0.2 312.00 NOTE
r-release-macos-x86_64 0.0.2 492.00 NOTE
r-release-windows-x86_64 0.0.2 445.00 341.00 786.00 NOTE
r-oldrel-macos-arm64 0.0.2 318.00 NOTE
r-oldrel-macos-x86_64 0.0.2 366.00 NOTE
r-oldrel-windows-ix86+x86_64 0.0.2 1256.00 531.00 1787.00 NOTE

Check Details

Version: 0.0.2
Check: for GNU extensions in Makefiles
Result: NOTE
    GNU make is a SystemRequirements.
Flavors: r-devel-linux-x86_64-debian-clang, r-devel-linux-x86_64-debian-gcc, r-devel-linux-x86_64-fedora-clang, r-devel-linux-x86_64-fedora-gcc, r-devel-windows-x86_64, r-release-macos-arm64, r-release-macos-x86_64, r-release-windows-x86_64, r-oldrel-macos-arm64, r-oldrel-macos-x86_64, r-oldrel-windows-ix86+x86_64

Version: 0.0.2
Check: installed package size
Result: NOTE
     installed size is 74.0Mb
     sub-directories of 1Mb or more:
     libs 73.0Mb
Flavors: r-devel-linux-x86_64-fedora-clang, r-devel-windows-x86_64, r-release-macos-arm64, r-release-macos-x86_64, r-release-windows-x86_64, r-oldrel-macos-arm64, r-oldrel-macos-x86_64, r-oldrel-windows-ix86+x86_64

Version: 0.0.2
Check: dependencies in R code
Result: NOTE
    Namespaces in Imports field not imported from:
     ‘MASS’ ‘RcppParallel’ ‘mlbench’ ‘rstantools’
     All declared Imports should be used.
Flavors: r-devel-linux-x86_64-fedora-clang, r-devel-linux-x86_64-fedora-gcc, r-release-macos-arm64, r-release-macos-x86_64, r-oldrel-macos-arm64, r-oldrel-macos-x86_64

Version: 0.0.2
Check: whether package can be installed
Result: ERROR
    Installation failed.
Flavors: r-patched-linux-x86_64, r-release-linux-x86_64