Last updated on 2023-06-08 05:58:03 CEST.
Flavor | Version | Tinstall | Tcheck | Ttotal | Status | Flags |
---|---|---|---|---|---|---|
r-devel-linux-x86_64-debian-clang | 1.3.6 | 64.01 | 177.98 | 241.99 | OK | |
r-devel-linux-x86_64-debian-gcc | 1.3.6 | 49.91 | 129.92 | 179.83 | OK | |
r-devel-linux-x86_64-fedora-clang | 1.3.6 | 317.95 | OK | |||
r-devel-linux-x86_64-fedora-gcc | 1.3.6 | 316.28 | OK | |||
r-devel-windows-x86_64 | 1.3.6 | 52.00 | 154.00 | 206.00 | OK | |
r-patched-linux-x86_64 | 1.3.6 | 53.87 | 163.76 | 217.63 | OK | |
r-release-linux-x86_64 | 1.3.6 | 51.97 | 165.39 | 217.36 | OK | |
r-release-macos-arm64 | 1.3.6 | 95.00 | NOTE | |||
r-release-macos-x86_64 | 1.3.6 | 150.00 | NOTE | |||
r-release-windows-x86_64 | 1.3.6 | 66.00 | 193.00 | 259.00 | OK | |
r-oldrel-macos-arm64 | 1.3.6 | 81.00 | NOTE | |||
r-oldrel-macos-x86_64 | 1.3.6 | 109.00 | NOTE | |||
r-oldrel-windows-x86_64 | 1.3.6 | 63.00 | 191.00 | 254.00 | OK |
Version: 1.3.6
Check: installed package size
Result: NOTE
installed size is 5.4Mb
sub-directories of 1Mb or more:
doc 2.2Mb
libs 2.5Mb
Flavors: r-release-macos-arm64, r-release-macos-x86_64, r-oldrel-macos-arm64, r-oldrel-macos-x86_64