CRAN Package Check Results for Package bayes4psy

Last updated on 2022-05-17 21:50:41 CEST.

Flavor Version Tinstall Tcheck Ttotal Status Flags
r-devel-linux-x86_64-debian-clang 1.2.8 559.57 347.41 906.98 NOTE
r-devel-linux-x86_64-debian-gcc 1.2.8 517.07 260.06 777.13 NOTE
r-devel-linux-x86_64-fedora-clang 1.2.8 1200.97 NOTE
r-devel-linux-x86_64-fedora-gcc 1.2.8 1284.93 NOTE
r-devel-windows-x86_64 1.2.8 489.00 452.00 941.00 NOTE
r-patched-linux-x86_64 1.2.8 499.15 352.52 851.67 NOTE
r-release-linux-x86_64 1.2.8 485.88 352.11 837.99 NOTE
r-release-macos-arm64 1.2.8 328.00 NOTE
r-release-macos-x86_64 1.2.8 527.00 NOTE
r-release-windows-x86_64 1.2.8 504.00 463.00 967.00 NOTE
r-oldrel-macos-arm64 1.2.8 350.00 NOTE
r-oldrel-macos-x86_64 1.2.8 403.00 NOTE
r-oldrel-windows-ix86+x86_64 1.2.8 124.00 11.00 135.00 ERROR

Check Details

Version: 1.2.8
Check: for GNU extensions in Makefiles
Result: NOTE
    GNU make is a SystemRequirements.
Flavors: r-devel-linux-x86_64-debian-clang, r-devel-linux-x86_64-debian-gcc, r-devel-linux-x86_64-fedora-clang, r-devel-linux-x86_64-fedora-gcc, r-devel-windows-x86_64, r-patched-linux-x86_64, r-release-linux-x86_64, r-release-macos-arm64, r-release-macos-x86_64, r-release-windows-x86_64, r-oldrel-macos-arm64, r-oldrel-macos-x86_64

Version: 1.2.8
Check: installed package size
Result: NOTE
     installed size is 52.9Mb
     sub-directories of 1Mb or more:
     libs 50.9Mb
Flavors: r-devel-linux-x86_64-fedora-clang, r-devel-windows-x86_64, r-release-macos-arm64, r-release-macos-x86_64, r-release-windows-x86_64, r-oldrel-macos-arm64, r-oldrel-macos-x86_64

Version: 1.2.8
Check: dependencies in R code
Result: NOTE
    Namespaces in Imports field not imported from:
     ‘scales’ ‘utils’
     All declared Imports should be used.
Flavors: r-devel-linux-x86_64-fedora-clang, r-devel-linux-x86_64-fedora-gcc, r-release-macos-arm64, r-release-macos-x86_64, r-oldrel-macos-arm64, r-oldrel-macos-x86_64

Version: 1.2.8
Check: whether package can be installed
Result: ERROR
    Installation failed.
Flavor: r-oldrel-windows-ix86+x86_64