Last updated on 2023-03-20 12:51:03 CET.
Flavor | Version | Tinstall | Tcheck | Ttotal | Status | Flags |
---|---|---|---|---|---|---|
r-devel-linux-x86_64-debian-clang | 1.0.7 | NOTE | ||||
r-devel-linux-x86_64-debian-gcc | 1.0.7 | 7.55 | 59.65 | 67.20 | NOTE | |
r-devel-linux-x86_64-fedora-clang | 1.0.7 | 108.06 | NOTE | |||
r-devel-linux-x86_64-fedora-gcc | 1.0.7 | 102.70 | NOTE | |||
r-devel-windows-x86_64 | 1.0.7 | 12.00 | 98.00 | 110.00 | NOTE | |
r-patched-linux-x86_64 | 1.0.7 | 7.64 | 72.31 | 79.95 | NOTE | |
r-release-linux-x86_64 | 1.0.7 | 8.71 | 73.37 | 82.08 | NOTE | |
r-release-macos-arm64 | 1.0.7 | 31.00 | NOTE | |||
r-release-macos-x86_64 | 1.0.7 | 44.00 | NOTE | |||
r-release-windows-x86_64 | 1.0.7 | 15.00 | 100.00 | 115.00 | NOTE | |
r-oldrel-macos-arm64 | 1.0.7 | 39.00 | NOTE | |||
r-oldrel-macos-x86_64 | 1.0.7 | 49.00 | NOTE | |||
r-oldrel-windows-ix86+x86_64 | 1.0.7 | 19.00 | 97.00 | 116.00 | NOTE |
Version: 1.0.7
Check: package dependencies
Result: NOTE
Package which this enhances but not available for checking: ‘rPython’
Flavors: r-devel-linux-x86_64-debian-clang, r-devel-linux-x86_64-debian-gcc, r-devel-linux-x86_64-fedora-clang, r-devel-linux-x86_64-fedora-gcc, r-patched-linux-x86_64, r-release-linux-x86_64, r-release-macos-arm64, r-release-macos-x86_64, r-oldrel-macos-arm64, r-oldrel-macos-x86_64
Version: 1.0.7
Check: package dependencies
Result: NOTE
Packages which this enhances but not available for checking:
'doMC', 'rPython'
Flavors: r-devel-windows-x86_64, r-release-windows-x86_64, r-oldrel-windows-ix86+x86_64