Last updated on 2024-04-20 12:50:51 CEST.
Flavor | Version | Tinstall | Tcheck | Ttotal | Status | Flags |
---|---|---|---|---|---|---|
r-devel-linux-x86_64-debian-clang | 0.4 | 8.48 | 63.75 | 72.23 | NOTE | |
r-devel-linux-x86_64-debian-gcc | 0.4 | 5.99 | 47.04 | 53.03 | NOTE | |
r-devel-linux-x86_64-fedora-clang | 0.4 | 90.61 | NOTE | |||
r-devel-linux-x86_64-fedora-gcc | 0.4 | 82.36 | NOTE | |||
r-prerel-macos-arm64 | 0.4 | 30.00 | NOTE | |||
r-prerel-windows-x86_64 | 0.4 | 8.00 | 66.00 | 74.00 | NOTE | |
r-patched-linux-x86_64 | 0.4 | 11.91 | 60.51 | 72.42 | NOTE | |
r-release-linux-x86_64 | 0.4 | 5.15 | 58.97 | 64.12 | OK | |
r-release-macos-arm64 | 0.4 | 32.00 | OK | |||
r-release-macos-x86_64 | 0.4 | 44.00 | OK | |||
r-release-windows-x86_64 | 0.4 | 10.00 | 74.00 | 84.00 | OK | |
r-oldrel-macos-arm64 | 0.4 | 39.00 | OK | |||
r-oldrel-windows-x86_64 | 0.4 | 10.00 | 78.00 | 88.00 | OK |
Version: 0.4
Check: Rd files
Result: NOTE
checkRd: (-1) nfiMetrics.Rd:23: Lost braces
23 | code{(4)} the number of
| ^
Flavors: r-devel-linux-x86_64-debian-clang, r-devel-linux-x86_64-debian-gcc, r-devel-linux-x86_64-fedora-clang, r-devel-linux-x86_64-fedora-gcc, r-prerel-macos-arm64, r-prerel-windows-x86_64, r-patched-linux-x86_64