CRAN Package Check Results for Package basf

Last updated on 2025-01-21 06:49:11 CET.

Flavor Version Tinstall Tcheck Ttotal Status Flags
r-devel-linux-x86_64-debian-clang 0.2.0 5.15 56.48 61.63 OK
r-devel-linux-x86_64-debian-gcc 0.2.0 4.02 41.88 45.90 OK
r-devel-linux-x86_64-fedora-clang 0.2.0 95.98 OK
r-devel-linux-x86_64-fedora-gcc 0.2.0 90.91 OK
r-devel-windows-x86_64 0.2.0 7.00 65.00 72.00 OK
r-patched-linux-x86_64 0.2.0 5.04 52.33 57.37 NOTE
r-release-linux-x86_64 0.2.0 4.24 52.69 56.93 NOTE
r-release-macos-arm64 0.2.0 30.00 NOTE
r-release-macos-x86_64 0.2.0 43.00 NOTE
r-release-windows-x86_64 0.2.0 6.00 66.00 72.00 NOTE
r-oldrel-macos-arm64 0.2.0 30.00 NOTE
r-oldrel-macos-x86_64 0.2.0 50.00 NOTE
r-oldrel-windows-x86_64 0.2.0 7.00 78.00 85.00 NOTE

Check Details

Version: 0.2.0
Check: LazyData
Result: NOTE 'LazyData' is specified without a 'data' directory Flavors: r-patched-linux-x86_64, r-release-linux-x86_64, r-release-macos-arm64, r-release-macos-x86_64, r-release-windows-x86_64, r-oldrel-macos-arm64, r-oldrel-macos-x86_64, r-oldrel-windows-x86_64