Last updated on 2024-04-30 21:50:01 CEST.
Flavor | Version | Tinstall | Tcheck | Ttotal | Status | Flags |
---|---|---|---|---|---|---|
r-devel-linux-x86_64-debian-clang | 1.1.5 | 14.66 | 132.26 | 146.92 | OK | |
r-devel-linux-x86_64-debian-gcc | 1.1.5 | 13.30 | 98.47 | 111.77 | OK | |
r-devel-linux-x86_64-fedora-clang | 1.1.5 | 188.40 | NOTE | |||
r-devel-linux-x86_64-fedora-gcc | 1.1.5 | 201.06 | OK | |||
r-devel-windows-x86_64 | 1.1.5 | 15.00 | 106.00 | 121.00 | OK | |
r-patched-linux-x86_64 | 1.1.5 | 13.64 | 123.91 | 137.55 | OK | |
r-release-linux-x86_64 | 1.1.5 | 11.82 | 125.67 | 137.49 | OK | |
r-release-macos-arm64 | 1.1.5 | 62.00 | OK | |||
r-release-macos-x86_64 | 1.1.5 | 117.00 | OK | |||
r-release-windows-x86_64 | 1.1.5 | 14.00 | 109.00 | 123.00 | OK | |
r-oldrel-macos-arm64 | 1.1.5 | 65.00 | OK | |||
r-oldrel-macos-x86_64 | 1.1.5 | 98.00 | OK | |||
r-oldrel-windows-x86_64 | 1.1.5 | 20.00 | 142.00 | 162.00 | OK |
Version: 1.1.5
Check: Rd cross-references
Result: NOTE
Undeclared package ‘generics’ in Rd xrefs
Flavor: r-devel-linux-x86_64-fedora-clang