CRAN Package Check Results for Package bartBMA

Last updated on 2022-05-20 06:50:51 CEST.

Flavor Version Tinstall Tcheck Ttotal Status Flags
r-devel-linux-x86_64-debian-clang 1.0 301.55 78.88 380.43 OK
r-devel-linux-x86_64-debian-gcc 1.0 180.14 59.18 239.32 OK
r-devel-linux-x86_64-fedora-clang 1.0 561.95 NOTE
r-devel-linux-x86_64-fedora-gcc 1.0 383.46 NOTE
r-devel-windows-x86_64 1.0 136.00 134.00 270.00 OK
r-patched-linux-x86_64 1.0 175.67 75.32 250.99 OK
r-release-linux-x86_64 1.0 177.53 75.38 252.91 OK
r-release-macos-arm64 1.0 94.00 NOTE
r-release-macos-x86_64 1.0 149.00 NOTE
r-release-windows-x86_64 1.0 149.00 133.00 282.00 OK
r-oldrel-macos-arm64 1.0 114.00 NOTE
r-oldrel-macos-x86_64 1.0 202.00 NOTE
r-oldrel-windows-ix86+x86_64 1.0 406.00 176.00 582.00 NOTE

Check Details

Version: 1.0
Check: installed package size
Result: NOTE
     installed size is 20.3Mb
     sub-directories of 1Mb or more:
     libs 20.0Mb
Flavors: r-devel-linux-x86_64-fedora-clang, r-release-macos-arm64, r-release-macos-x86_64, r-oldrel-macos-arm64, r-oldrel-macos-x86_64, r-oldrel-windows-ix86+x86_64

Version: 1.0
Check: dependencies in R code
Result: NOTE
    Namespace in Imports field not imported from: ‘mvnfast’
     All declared Imports should be used.
Flavors: r-devel-linux-x86_64-fedora-clang, r-devel-linux-x86_64-fedora-gcc, r-release-macos-arm64, r-release-macos-x86_64, r-oldrel-macos-arm64, r-oldrel-macos-x86_64