Last updated on 2024-04-30 21:50:01 CEST.
Flavor | Version | Tinstall | Tcheck | Ttotal | Status | Flags |
---|---|---|---|---|---|---|
r-devel-linux-x86_64-debian-clang | 0.0.3 | 493.87 | 186.05 | 679.92 | NOTE | |
r-devel-linux-x86_64-debian-gcc | 0.0.3 | 426.62 | 167.83 | 594.45 | NOTE | |
r-devel-linux-x86_64-fedora-clang | 0.0.3 | 809.00 | NOTE | |||
r-devel-linux-x86_64-fedora-gcc | 0.0.3 | 612.39 | NOTE | |||
r-devel-windows-x86_64 | 0.0.3 | 354.00 | 204.00 | 558.00 | NOTE | |
r-patched-linux-x86_64 | 0.0.3 | 0.02 | 2.56 | 2.58 | ERROR | |
r-release-linux-x86_64 | 0.0.3 | 0.01 | 2.78 | 2.79 | ERROR | |
r-release-macos-arm64 | 0.0.3 | 200.00 | NOTE | |||
r-release-windows-x86_64 | 0.0.3 | 356.00 | 197.00 | 553.00 | NOTE | |
r-oldrel-macos-arm64 | 0.0.3 | 278.00 | NOTE | |||
r-oldrel-macos-x86_64 | 0.0.3 | 413.00 | NOTE | |||
r-oldrel-windows-x86_64 | 0.0.3 | 462.00 | 242.00 | 704.00 | NOTE |
Version: 0.0.3
Check: for GNU extensions in Makefiles
Result: NOTE
GNU make is a SystemRequirements.
Flavors: r-devel-linux-x86_64-debian-clang, r-devel-linux-x86_64-debian-gcc, r-devel-linux-x86_64-fedora-clang, r-devel-linux-x86_64-fedora-gcc, r-devel-windows-x86_64, r-release-macos-arm64, r-release-windows-x86_64, r-oldrel-macos-arm64, r-oldrel-macos-x86_64, r-oldrel-windows-x86_64
Version: 0.0.3
Check: installed package size
Result: NOTE
installed size is 6.1Mb
sub-directories of 1Mb or more:
data 1.1Mb
libs 4.2Mb
Flavors: r-devel-linux-x86_64-fedora-clang, r-devel-windows-x86_64, r-release-macos-arm64, r-release-windows-x86_64, r-oldrel-macos-arm64, r-oldrel-macos-x86_64, r-oldrel-windows-x86_64
Version: 0.0.3
Check: dependencies in R code
Result: NOTE
Namespaces in Imports field not imported from:
‘RcppParallel’ ‘rstantools’
All declared Imports should be used.
Flavors: r-devel-linux-x86_64-fedora-clang, r-devel-linux-x86_64-fedora-gcc
Version: 0.0.3
Check: Rd cross-references
Result: NOTE
Undeclared package ‘tidyselect’ in Rd xrefs
Flavor: r-devel-linux-x86_64-fedora-clang
Version: 0.0.3
Check: whether package can be installed
Result: ERROR
Installation failed.
Flavors: r-patched-linux-x86_64, r-release-linux-x86_64