CRAN Package Check Results for Package bakeoff

Last updated on 2023-03-25 12:52:49 CET.

Flavor Version Tinstall Tcheck Ttotal Status Flags
r-devel-linux-x86_64-debian-clang 0.2.0 2.01 30.05 32.06 OK
r-devel-linux-x86_64-debian-gcc 0.2.0 1.53 23.18 24.71 OK
r-devel-linux-x86_64-fedora-gcc 0.2.0 38.28 NOTE
r-devel-windows-x86_64 0.2.0 26.00 67.00 93.00 OK
r-patched-linux-x86_64 0.2.0 2.12 31.51 33.63 OK
r-release-linux-x86_64 0.2.0 2.24 30.79 33.03 OK
r-release-macos-arm64 0.2.0 28.00 NOTE
r-release-macos-x86_64 0.2.0 25.00 NOTE
r-release-windows-x86_64 0.2.0 23.00 81.00 104.00 OK
r-oldrel-macos-arm64 0.2.0 30.00 NOTE
r-oldrel-macos-x86_64 0.2.0 30.00 NOTE
r-oldrel-windows-ix86+x86_64 0.2.0 6.00 60.00 66.00 OK

Check Details

Version: 0.2.0
Check: data for non-ASCII characters
Result: NOTE
     Note: found 260 marked UTF-8 strings
Flavors: r-devel-linux-x86_64-fedora-gcc, r-release-macos-arm64, r-release-macos-x86_64, r-oldrel-macos-arm64, r-oldrel-macos-x86_64