Last updated on 2025-02-08 12:49:25 CET.
Flavor | Version | Tinstall | Tcheck | Ttotal | Status | Flags |
---|---|---|---|---|---|---|
r-devel-linux-x86_64-debian-clang | 0.3.0 | 1.76 | 17.80 | 19.56 | OK | |
r-devel-linux-x86_64-debian-gcc | 0.3.0 | 1.43 | 14.83 | 16.26 | OK | |
r-devel-linux-x86_64-fedora-clang | 0.3.0 | 32.10 | OK | |||
r-devel-linux-x86_64-fedora-gcc | 0.3.0 | 29.69 | OK | |||
r-devel-windows-x86_64 | 0.3.0 | 4.00 | 40.00 | 44.00 | OK | |
r-patched-linux-x86_64 | 0.3.0 | 1.59 | 18.50 | 20.09 | NOTE | |
r-release-linux-x86_64 | 0.3.0 | 1.67 | 18.08 | 19.75 | NOTE | |
r-release-macos-arm64 | 0.3.0 | 22.00 | NOTE | |||
r-release-macos-x86_64 | 0.3.0 | 22.00 | NOTE | |||
r-release-windows-x86_64 | 0.3.0 | 3.00 | 47.00 | 50.00 | NOTE | |
r-oldrel-macos-arm64 | 0.3.0 | 16.00 | NOTE | |||
r-oldrel-macos-x86_64 | 0.3.0 | 20.00 | NOTE | |||
r-oldrel-windows-x86_64 | 0.3.0 | 3.00 | 49.00 | 52.00 | NOTE |
Version: 0.3.0
Check: LazyData
Result: NOTE
'LazyData' is specified without a 'data' directory
Flavors: r-patched-linux-x86_64, r-release-linux-x86_64, r-release-macos-arm64, r-release-macos-x86_64, r-release-windows-x86_64, r-oldrel-macos-arm64, r-oldrel-macos-x86_64, r-oldrel-windows-x86_64