Last updated on 2022-05-25 21:52:53 CEST.
Flavor | Version | Tinstall | Tcheck | Ttotal | Status | Flags |
---|---|---|---|---|---|---|
r-devel-linux-x86_64-debian-clang | 0.6.21 | 620.26 | 316.08 | 936.34 | NOTE | |
r-devel-linux-x86_64-debian-gcc | 0.6.21 | 551.90 | 254.20 | 806.10 | NOTE | |
r-devel-linux-x86_64-fedora-clang | 0.6.21 | 1253.37 | NOTE | |||
r-devel-linux-x86_64-fedora-gcc | 0.6.21 | 1341.67 | NOTE | |||
r-devel-windows-x86_64 | 0.6.21 | 418.00 | 407.00 | 825.00 | NOTE | |
r-patched-linux-x86_64 | 0.6.21 | 0.03 | 12.60 | 12.63 | ERROR | |
r-release-linux-x86_64 | 0.6.21 | ERROR | ||||
r-release-macos-arm64 | 0.6.21 | 327.00 | NOTE | |||
r-release-macos-x86_64 | 0.6.21 | 524.00 | NOTE | |||
r-release-windows-x86_64 | 0.6.21 | 405.00 | 420.00 | 825.00 | NOTE | |
r-oldrel-macos-arm64 | 0.6.21 | 340.00 | NOTE | |||
r-oldrel-macos-x86_64 | 0.6.21 | 394.00 | NOTE | |||
r-oldrel-windows-ix86+x86_64 | 0.6.21 | 1309.00 | 641.00 | 1950.00 | NOTE |
Version: 0.6.21
Check: for GNU extensions in Makefiles
Result: NOTE
GNU make is a SystemRequirements.
Flavors: r-devel-linux-x86_64-debian-clang, r-devel-linux-x86_64-debian-gcc, r-devel-linux-x86_64-fedora-clang, r-devel-linux-x86_64-fedora-gcc, r-devel-windows-x86_64, r-release-macos-arm64, r-release-macos-x86_64, r-release-windows-x86_64, r-oldrel-macos-arm64, r-oldrel-macos-x86_64, r-oldrel-windows-ix86+x86_64
Version: 0.6.21
Check: installed package size
Result: NOTE
installed size is 65.4Mb
sub-directories of 1Mb or more:
libs 63.6Mb
Flavors: r-devel-linux-x86_64-fedora-clang, r-devel-windows-x86_64, r-release-macos-arm64, r-release-macos-x86_64, r-release-windows-x86_64, r-oldrel-macos-arm64, r-oldrel-macos-x86_64, r-oldrel-windows-ix86+x86_64
Version: 0.6.21
Check: whether package can be installed
Result: ERROR
Installation failed.
Flavors: r-patched-linux-x86_64, r-release-linux-x86_64