Last updated on 2025-05-20 21:50:04 CEST.
Flavor | Version | Tinstall | Tcheck | Ttotal | Status | Flags |
---|---|---|---|---|---|---|
r-devel-linux-x86_64-debian-clang | 0.0.1 | 3.81 | 39.53 | 43.34 | NOTE | |
r-devel-linux-x86_64-debian-gcc | 0.0.1 | 2.30 | 30.22 | 32.52 | NOTE | |
r-devel-linux-x86_64-fedora-clang | 0.0.1 | 64.79 | NOTE | |||
r-devel-linux-x86_64-fedora-gcc | 0.0.1 | 62.13 | NOTE | |||
r-devel-windows-x86_64 | 0.0.1 | 6.00 | 68.00 | 74.00 | NOTE | |
r-patched-linux-x86_64 | 0.0.1 | 3.92 | 36.73 | 40.65 | NOTE | |
r-release-linux-x86_64 | 0.0.1 | 3.79 | 36.83 | 40.62 | NOTE | |
r-release-macos-arm64 | 0.0.1 | 33.00 | NOTE | |||
r-release-macos-x86_64 | 0.0.1 | 46.00 | NOTE | |||
r-release-windows-x86_64 | 0.0.1 | 5.00 | 106.00 | 111.00 | ERROR | |
r-oldrel-macos-arm64 | 0.0.1 | 50.00 | OK | |||
r-oldrel-macos-x86_64 | 0.0.1 | 76.00 | OK | |||
r-oldrel-windows-x86_64 | 0.0.1 | 7.00 | 67.00 | 74.00 | OK |
Version: 0.0.1
Check: DESCRIPTION meta-information
Result: NOTE
Missing dependency on R >= 4.2.0 because package code uses the pipe
placeholder syntax added in R 4.2.0.
File(s) using such syntax:
‘baf.R’
Flavors: r-devel-linux-x86_64-debian-clang, r-devel-linux-x86_64-debian-gcc, r-devel-linux-x86_64-fedora-clang, r-devel-linux-x86_64-fedora-gcc, r-devel-windows-x86_64, r-patched-linux-x86_64, r-release-linux-x86_64, r-release-macos-arm64, r-release-macos-x86_64, r-release-windows-x86_64
Version: 0.0.1
Check: Rd cross-references
Result: NOTE
Found the following Rd file(s) with Rd \link{} targets missing package
anchors:
baf.Rd: tibble
Please provide package anchors for all Rd \link{} targets not in the
package itself and the base packages.
Flavors: r-devel-linux-x86_64-debian-clang, r-devel-linux-x86_64-debian-gcc, r-devel-windows-x86_64, r-patched-linux-x86_64, r-release-linux-x86_64, r-release-windows-x86_64
Version: 0.0.1
Check: examples
Result: ERROR
Running examples in 'baf-Ex.R' failed
The error most likely occurred in:
> ### Name: baf
> ### Title: Download Block Assignment Files (BAF) from the Census Bureau
> ### Aliases: baf
>
> ### ** Examples
>
> baf('DE', 2020)
Error in curl::curl_download(url, path, quiet = quiet) :
Timeout was reached [www2.census.gov]: SSL/TLS connection timeout
Calls: baf ... FUN -> baf_download -> <Anonymous> -> raise_libcurl_error
Execution halted
Flavor: r-release-windows-x86_64